Last updated on 2025-05-08 04:52:08 CEST.
Flavor | Version | Tinstall | Tcheck | Ttotal | Status | Flags |
---|---|---|---|---|---|---|
r-devel-linux-x86_64-debian-clang | 1.0.1 | 22.08 | 30.30 | 52.38 | OK | |
r-devel-linux-x86_64-debian-gcc | 1.0.1 | 18.75 | 22.50 | 41.25 | OK | |
r-devel-linux-x86_64-fedora-clang | 1.0.1 | 91.19 | OK | |||
r-devel-linux-x86_64-fedora-gcc | 1.0.1 | 20.60 | ERROR | |||
r-devel-windows-x86_64 | 1.0.1 | 33.00 | 77.00 | 110.00 | OK | |
r-patched-linux-x86_64 | 1.0.1 | 27.71 | 28.09 | 55.80 | OK | |
r-release-linux-x86_64 | 1.0.1 | 25.92 | 28.17 | 54.09 | OK | |
r-release-macos-arm64 | 1.0.1 | 31.00 | OK | |||
r-release-macos-x86_64 | 1.0.1 | 53.00 | OK | |||
r-release-windows-x86_64 | 1.0.1 | 35.00 | 81.00 | 116.00 | OK | |
r-oldrel-macos-arm64 | 1.0.1 | 38.00 | OK | |||
r-oldrel-macos-x86_64 | 1.0.1 | 59.00 | OK | |||
r-oldrel-windows-x86_64 | 1.0.1 | 32.00 | 91.00 | 123.00 | OK |
Version: 1.0.1
Check: whether package can be installed
Result: ERROR
Installation failed.
Flavor: r-devel-linux-x86_64-fedora-gcc
These binaries (installable software) and packages are in development.
They may not be fully stable and should be used with caution. We make no claims about them.