Last updated on 2025-05-01 14:49:12 CEST.
Flavor | Version | Tinstall | Tcheck | Ttotal | Status | Flags |
---|---|---|---|---|---|---|
r-devel-linux-x86_64-debian-clang | 2.9 | 14.60 | 96.25 | 110.85 | NOTE | |
r-devel-linux-x86_64-debian-gcc | 2.9 | 8.46 | 65.87 | 74.33 | NOTE | |
r-devel-linux-x86_64-fedora-clang | 2.9 | 165.99 | OK | |||
r-devel-linux-x86_64-fedora-gcc | 2.9 | 150.29 | OK | |||
r-devel-windows-x86_64 | 2.9 | 14.00 | 126.00 | 140.00 | OK | |
r-patched-linux-x86_64 | 2.9 | 15.38 | 88.22 | 103.60 | OK | |
r-release-linux-x86_64 | OK | |||||
r-release-macos-arm64 | 2.9 | 44.00 | OK | |||
r-release-macos-x86_64 | 2.9 | 78.00 | OK | |||
r-release-windows-x86_64 | 2.9 | 14.00 | 130.00 | 144.00 | OK | |
r-oldrel-macos-arm64 | 2.9 | 47.00 | OK | |||
r-oldrel-macos-x86_64 | 2.9 | 70.00 | OK | |||
r-oldrel-windows-x86_64 | 2.9 | 19.00 | 149.00 | 168.00 | OK |
Version: 2.9
Check: CRAN incoming feasibility
Result: NOTE
Maintainer: ‘Daniel Caro <dcarov@gmail.com>’
No Authors@R field in DESCRIPTION.
Please add one, modifying
Authors@R: c(person(given = "Daniel",
family = "Caro",
role = c("aut", "cre"),
email = "dcarov@gmail.com"),
person(given = "Przemyslaw",
family = "Biecek",
role = "aut",
email = "przemyslaw.biecek@gmail.com"))
as necessary.
Flavors: r-devel-linux-x86_64-debian-clang, r-devel-linux-x86_64-debian-gcc
These binaries (installable software) and packages are in development.
They may not be fully stable and should be used with caution. We make no claims about them.