Last updated on 2025-07-24 03:50:01 CEST.
Flavor | Version | Tinstall | Tcheck | Ttotal | Status | Flags |
---|---|---|---|---|---|---|
r-devel-linux-x86_64-debian-clang | 2.9 | 15.08 | 98.19 | 113.27 | NOTE | |
r-devel-linux-x86_64-debian-gcc | 2.9 | 9.02 | 67.58 | 76.60 | NOTE | |
r-devel-linux-x86_64-fedora-clang | 2.9 | 169.65 | OK | |||
r-devel-linux-x86_64-fedora-gcc | 2.9 | 159.37 | OK | |||
r-devel-windows-x86_64 | 2.9 | 15.00 | 121.00 | 136.00 | OK | |
r-patched-linux-x86_64 | 2.9 | 12.59 | 90.91 | 103.50 | OK | |
r-release-linux-x86_64 | 2.9 | 13.95 | 89.35 | 103.30 | OK | |
r-release-macos-arm64 | 2.9 | 44.00 | OK | |||
r-release-macos-x86_64 | 2.9 | 78.00 | OK | |||
r-release-windows-x86_64 | 2.9 | 16.00 | 122.00 | 138.00 | OK | |
r-oldrel-macos-arm64 | 2.9 | 47.00 | OK | |||
r-oldrel-macos-x86_64 | 2.9 | 70.00 | OK | |||
r-oldrel-windows-x86_64 | 2.9 | 21.00 | 145.00 | 166.00 | OK |
Version: 2.9
Check: CRAN incoming feasibility
Result: NOTE
Maintainer: ‘Daniel Caro <dcarov@gmail.com>’
No Authors@R field in DESCRIPTION.
Please add one, modifying
Authors@R: c(person(given = "Daniel",
family = "Caro",
role = c("aut", "cre"),
email = "dcarov@gmail.com"),
person(given = "Przemyslaw",
family = "Biecek",
role = "aut",
email = "przemyslaw.biecek@gmail.com"))
as necessary.
Flavors: r-devel-linux-x86_64-debian-clang, r-devel-linux-x86_64-debian-gcc
These binaries (installable software) and packages are in development.
They may not be fully stable and should be used with caution. We make no claims about them.