CRAN Package Check Results for Package invctr

Last updated on 2025-10-03 11:50:48 CEST.

Flavor Version Tinstall Tcheck Ttotal Status Flags
r-devel-linux-x86_64-debian-clang 0.2.0 2.64 32.32 34.96 NOTE
r-devel-linux-x86_64-debian-gcc 0.2.0 1.68 25.59 27.27 NOTE
r-devel-linux-x86_64-fedora-clang 0.2.0 52.03 OK
r-devel-linux-x86_64-fedora-gcc 0.2.0 72.00 OK
r-devel-windows-x86_64 0.2.0 5.00 52.00 57.00 OK
r-patched-linux-x86_64 0.2.0 1.96 30.14 32.10 OK
r-release-linux-x86_64 0.2.0 2.64 30.36 33.00 OK
r-release-macos-arm64 0.2.0 29.00 OK
r-release-macos-x86_64 0.2.0 52.00 OK
r-release-windows-x86_64 0.2.0 4.00 53.00 57.00 OK
r-oldrel-macos-arm64 0.2.0 28.00 OK
r-oldrel-macos-x86_64 0.2.0 45.00 OK
r-oldrel-windows-x86_64 0.2.0 6.00 60.00 66.00 OK

Check Details

Version: 0.2.0
Check: CRAN incoming feasibility
Result: NOTE Maintainer: ‘Fred Hasselman <fred.hasselman@ru.nl>’ Package CITATION file contains call(s) to old-style citEntry(). Please use bibentry() instead. Flavors: r-devel-linux-x86_64-debian-clang, r-devel-linux-x86_64-debian-gcc

These binaries (installable software) and packages are in development.
They may not be fully stable and should be used with caution. We make no claims about them.