Last updated on 2025-02-16 08:50:50 CET.
Flavor | Version | Tinstall | Tcheck | Ttotal | Status | Flags |
---|---|---|---|---|---|---|
r-devel-linux-x86_64-debian-clang | 0.1.1 | 7.24 | 60.42 | 67.66 | NOTE | |
r-devel-linux-x86_64-debian-gcc | 0.1.1 | 5.48 | 45.13 | 50.61 | NOTE | |
r-devel-linux-x86_64-fedora-clang | 0.1.1 | 107.94 | OK | |||
r-devel-linux-x86_64-fedora-gcc | 0.1.1 | 101.47 | OK | |||
r-devel-macos-arm64 | 0.1.1 | 38.00 | OK | |||
r-devel-macos-x86_64 | 0.1.1 | 62.00 | OK | |||
r-devel-windows-x86_64 | 0.1.1 | 8.00 | 73.00 | 81.00 | NOTE | |
r-patched-linux-x86_64 | 0.1.1 | 6.16 | 58.98 | 65.14 | OK | |
r-release-linux-x86_64 | 0.1.1 | 5.87 | 57.52 | 63.39 | OK | |
r-release-macos-arm64 | 0.1.1 | 30.00 | OK | |||
r-release-macos-x86_64 | 0.1.1 | 46.00 | OK | |||
r-release-windows-x86_64 | 0.1.1 | 8.00 | 76.00 | 84.00 | OK | |
r-oldrel-macos-arm64 | 0.1.1 | 34.00 | OK | |||
r-oldrel-macos-x86_64 | 0.1.1 | 57.00 | OK | |||
r-oldrel-windows-x86_64 | 0.1.1 | 11.00 | 86.00 | 97.00 | OK |
Version: 0.1.1
Check: Rd cross-references
Result: NOTE
Found the following Rd file(s) with Rd \link{} targets missing package
anchors:
NormalizedLaplacian.Rd: Matrix-class
PerturbedLaplacian.Rd: Matrix-class
RegularizedLaplacian.Rd: Matrix-class
Please provide package anchors for all Rd \link{} targets not in the
package itself and the base packages.
Flavors: r-devel-linux-x86_64-debian-clang, r-devel-linux-x86_64-debian-gcc, r-devel-windows-x86_64
These binaries (installable software) and packages are in development.
They may not be fully stable and should be used with caution. We make no claims about them.