Last updated on 2025-11-11 15:50:36 CET.
| Flavor | Version | Tinstall | Tcheck | Ttotal | Status | Flags |
|---|---|---|---|---|---|---|
| r-devel-linux-x86_64-debian-clang | 1.4.2 | 3.18 | 50.15 | 53.33 | NOTE | |
| r-devel-linux-x86_64-debian-gcc | 1.4.2 | 2.46 | 36.92 | 39.38 | NOTE | |
| r-devel-linux-x86_64-fedora-clang | 1.4.2 | 15.00 | 63.68 | 78.68 | OK | |
| r-devel-linux-x86_64-fedora-gcc | 1.4.2 | 83.48 | OK | |||
| r-devel-windows-x86_64 | 1.4.2 | 4.00 | 83.00 | 87.00 | OK | |
| r-patched-linux-x86_64 | 1.4.2 | 3.76 | 47.34 | 51.10 | OK | |
| r-release-linux-x86_64 | 1.4.2 | 3.19 | 46.82 | 50.01 | OK | |
| r-release-macos-arm64 | 1.4.2 | 2.00 | 44.00 | 46.00 | OK | |
| r-release-macos-x86_64 | 1.4.2 | 3.00 | 88.00 | 91.00 | OK | |
| r-release-windows-x86_64 | 1.4.2 | 5.00 | 85.00 | 90.00 | OK | |
| r-oldrel-macos-arm64 | 1.4.2 | 2.00 | 30.00 | 32.00 | OK | |
| r-oldrel-macos-x86_64 | 1.4.2 | 4.00 | 76.00 | 80.00 | OK | |
| r-oldrel-windows-x86_64 | 1.4.2 | 6.00 | 95.00 | 101.00 | OK |
Version: 1.4.2
Check: CRAN incoming feasibility
Result: NOTE
Maintainer: ‘Brandon M. Greenwell <greenwell.brandon@gmail.com>’
No Authors@R field in DESCRIPTION.
Please add one, modifying
Authors@R: person(given = c("Brandon", "M."),
family = "Greenwell",
role = c("aut", "cre"),
email = "greenwell.brandon@gmail.com")
as necessary.
Package CITATION file contains call(s) to old-style personList() or
as.personList(). Please use c() on person objects instead.
Package CITATION file contains call(s) to old-style citEntry(). Please
use bibentry() instead.
Flavors: r-devel-linux-x86_64-debian-clang, r-devel-linux-x86_64-debian-gcc
These binaries (installable software) and packages are in development.
They may not be fully stable and should be used with caution. We make no claims about them.