CRAN Package Check Results for Package io

Last updated on 2025-05-08 04:52:08 CEST.

Flavor Version Tinstall Tcheck Ttotal Status Flags
r-devel-linux-x86_64-debian-clang 0.3.2 4.09 33.66 37.75 NOTE
r-devel-linux-x86_64-debian-gcc 0.3.2 3.37 24.77 28.14 NOTE
r-devel-linux-x86_64-fedora-clang 0.3.2 65.30 OK
r-devel-linux-x86_64-fedora-gcc 0.3.2 58.61 OK
r-devel-windows-x86_64 0.3.2 5.00 51.00 56.00 OK
r-patched-linux-x86_64 0.3.2 3.87 31.85 35.72 OK
r-release-linux-x86_64 0.3.2 2.97 32.73 35.70 OK
r-release-macos-arm64 0.3.2 25.00 OK
r-release-macos-x86_64 0.3.2 40.00 OK
r-release-windows-x86_64 0.3.2 6.00 53.00 59.00 OK
r-oldrel-macos-arm64 0.3.2 20.00 OK
r-oldrel-macos-x86_64 0.3.2 41.00 OK
r-oldrel-windows-x86_64 0.3.2 6.00 59.00 65.00 OK

Check Details

Version: 0.3.2
Check: CRAN incoming feasibility
Result: NOTE Maintainer: ‘David J. H. Shih <djh.shih@gmail.com>’ No Authors@R field in DESCRIPTION. Please add one, modifying Authors@R: person(given = c("David", "J.", "H."), family = "Shih", role = c("aut", "cre"), email = "djh.shih@gmail.com") as necessary. Flavors: r-devel-linux-x86_64-debian-clang, r-devel-linux-x86_64-debian-gcc

These binaries (installable software) and packages are in development.
They may not be fully stable and should be used with caution. We make no claims about them.