Last updated on 2025-02-16 08:50:50 CET.
Flavor | Version | Tinstall | Tcheck | Ttotal | Status | Flags |
---|---|---|---|---|---|---|
r-devel-linux-x86_64-debian-clang | 0.3.4 | 9.09 | 65.43 | 74.52 | NOTE | |
r-devel-linux-x86_64-debian-gcc | 0.3.4 | 6.86 | 44.82 | 51.68 | NOTE | |
r-devel-linux-x86_64-fedora-clang | 0.3.4 | 123.18 | NOTE | |||
r-devel-linux-x86_64-fedora-gcc | 0.3.4 | 111.75 | NOTE | |||
r-devel-macos-arm64 | 0.3.4 | 47.00 | NOTE | |||
r-devel-macos-x86_64 | 0.3.4 | 70.00 | NOTE | |||
r-devel-windows-x86_64 | 0.3.4 | 10.00 | 77.00 | 87.00 | NOTE | |
r-patched-linux-x86_64 | 0.3.4 | 9.94 | 62.34 | 72.28 | NOTE | |
r-release-linux-x86_64 | 0.3.4 | 8.69 | 58.91 | 67.60 | NOTE | |
r-release-macos-arm64 | 0.3.4 | 44.00 | NOTE | |||
r-release-macos-x86_64 | 0.3.4 | 56.00 | NOTE | |||
r-release-windows-x86_64 | 0.3.4 | 11.00 | 78.00 | 89.00 | NOTE | |
r-oldrel-macos-arm64 | 0.3.4 | 37.00 | OK | |||
r-oldrel-macos-x86_64 | 0.3.4 | 56.00 | OK | |||
r-oldrel-windows-x86_64 | 0.3.4 | 12.00 | 93.00 | 105.00 | OK |
Version: 0.3.4
Check: Rd files
Result: NOTE
checkRd: (-1) f.influence.Rd:25: Lost braces; missing escapes or markup?
25 | where F is the field of influence, k is order of influence, l_{ij} is the ith row and jth column element of the Leontief Inverse and -s indicates the sth element has been removed.
| ^
Flavors: r-devel-linux-x86_64-debian-clang, r-devel-linux-x86_64-debian-gcc, r-devel-linux-x86_64-fedora-clang, r-devel-linux-x86_64-fedora-gcc, r-devel-macos-arm64, r-devel-macos-x86_64, r-devel-windows-x86_64, r-patched-linux-x86_64, r-release-linux-x86_64, r-release-macos-arm64, r-release-macos-x86_64, r-release-windows-x86_64
These binaries (installable software) and packages are in development.
They may not be fully stable and should be used with caution. We make no claims about them.