Last updated on 2025-05-08 04:52:08 CEST.
Flavor | Version | Tinstall | Tcheck | Ttotal | Status | Flags |
---|---|---|---|---|---|---|
r-devel-linux-x86_64-debian-clang | 0.1.5 | 20.06 | 434.46 | 454.52 | NOTE | |
r-devel-linux-x86_64-debian-gcc | 0.1.5 | 14.71 | 258.46 | 273.17 | NOTE | |
r-devel-linux-x86_64-fedora-clang | 0.1.5 | 663.93 | OK | |||
r-devel-linux-x86_64-fedora-gcc | 0.1.5 | 674.83 | OK | |||
r-devel-windows-x86_64 | 0.1.5 | 24.00 | 377.00 | 401.00 | NOTE | |
r-patched-linux-x86_64 | 0.1.5 | 18.28 | 411.06 | 429.34 | NOTE | |
r-release-linux-x86_64 | 0.1.5 | 18.23 | 425.58 | 443.81 | NOTE | |
r-release-macos-arm64 | 0.1.5 | 227.00 | OK | |||
r-release-macos-x86_64 | 0.1.5 | 446.00 | OK | |||
r-release-windows-x86_64 | 0.1.5 | 25.00 | 398.00 | 423.00 | NOTE | |
r-oldrel-macos-arm64 | 0.1.5 | 215.00 | OK | |||
r-oldrel-macos-x86_64 | 0.1.5 | 478.00 | OK | |||
r-oldrel-windows-x86_64 | 0.1.5 | 30.00 | 512.00 | 542.00 | OK |
Version: 0.1.5
Check: Rd cross-references
Result: NOTE
Found the following Rd file(s) with Rd \link{} targets missing package
anchors:
plot_iota.Rd: ggplot2
plot_iota2_alluvial.Rd: ggplot2
Please provide package anchors for all Rd \link{} targets not in the
package itself and the base packages.
Flavors: r-devel-linux-x86_64-debian-clang, r-devel-linux-x86_64-debian-gcc, r-devel-windows-x86_64, r-patched-linux-x86_64, r-release-linux-x86_64, r-release-windows-x86_64
These binaries (installable software) and packages are in development.
They may not be fully stable and should be used with caution. We make no claims about them.