Last updated on 2025-10-24 17:50:43 CEST.
| Flavor | Version | Tinstall | Tcheck | Ttotal | Status | Flags |
|---|---|---|---|---|---|---|
| r-devel-linux-x86_64-debian-clang | 0.1.0 | 1.70 | 22.07 | 23.77 | NOTE | |
| r-devel-linux-x86_64-debian-gcc | 0.1.0 | 1.15 | 17.99 | 19.14 | NOTE | |
| r-devel-linux-x86_64-fedora-clang | 0.1.0 | 34.96 | OK | |||
| r-devel-linux-x86_64-fedora-gcc | 0.1.0 | 31.34 | OK | |||
| r-devel-windows-x86_64 | 0.1.0 | 3.00 | 40.00 | 43.00 | OK | |
| r-patched-linux-x86_64 | 0.1.0 | 1.77 | 19.77 | 21.54 | OK | |
| r-release-linux-x86_64 | 0.1.0 | 1.65 | 19.58 | 21.23 | OK | |
| r-release-macos-arm64 | 0.1.0 | 1.00 | 15.00 | 16.00 | OK | |
| r-release-macos-x86_64 | 0.1.0 | 2.00 | 24.00 | 26.00 | OK | |
| r-release-windows-x86_64 | 0.1.0 | 3.00 | 42.00 | 45.00 | OK | |
| r-oldrel-macos-arm64 | 0.1.0 | 1.00 | 14.00 | 15.00 | NOTE | |
| r-oldrel-macos-x86_64 | 0.1.0 | 2.00 | 20.00 | 22.00 | NOTE | |
| r-oldrel-windows-x86_64 | 0.1.0 | 4.00 | 44.00 | 48.00 | NOTE |
Version: 0.1.0
Check: CRAN incoming feasibility
Result: NOTE
Maintainer: ‘Alexander Rossell Hayes <alexander@rossellhayes.com>’
Package CITATION file contains call(s) to old-style citEntry(). Please
use bibentry() instead.
Flavors: r-devel-linux-x86_64-debian-clang, r-devel-linux-x86_64-debian-gcc
Version: 0.1.0
Check: LazyData
Result: NOTE
'LazyData' is specified without a 'data' directory
Flavors: r-oldrel-macos-arm64, r-oldrel-macos-x86_64, r-oldrel-windows-x86_64
These binaries (installable software) and packages are in development.
They may not be fully stable and should be used with caution. We make no claims about them.