Last updated on 2025-07-25 11:49:57 CEST.
Flavor | Version | Tinstall | Tcheck | Ttotal | Status | Flags |
---|---|---|---|---|---|---|
r-devel-linux-x86_64-debian-clang | 1.0.2 | 81.51 | 67.50 | 149.01 | OK | |
r-devel-linux-x86_64-debian-gcc | 1.0.2 | 64.79 | 49.46 | 114.25 | OK | |
r-devel-linux-x86_64-fedora-clang | 1.0.2 | 266.54 | OK | |||
r-devel-linux-x86_64-fedora-gcc | 1.0.2 | 300.49 | OK | |||
r-devel-windows-x86_64 | 1.0.2 | 113.00 | 106.00 | 219.00 | OK | |
r-patched-linux-x86_64 | 1.0.2 | 93.66 | 61.89 | 155.55 | OK | |
r-release-linux-x86_64 | 1.0.2 | 94.70 | 63.33 | 158.03 | OK | |
r-release-macos-arm64 | 1.0.2 | 103.00 | OK | |||
r-release-macos-x86_64 | 1.0.2 | 173.00 | OK | |||
r-release-windows-x86_64 | 1.0.2 | 113.00 | 103.00 | 216.00 | OK | |
r-oldrel-macos-arm64 | 1.0.2 | 90.00 | NOTE | |||
r-oldrel-macos-x86_64 | 1.0.2 | 104.00 | NOTE | |||
r-oldrel-windows-x86_64 | 1.0.2 | 132.00 | 134.00 | 266.00 | OK |
Version: 1.0.2
Check: installed package size
Result: NOTE
installed size is 6.9Mb
sub-directories of 1Mb or more:
libs 6.4Mb
Flavors: r-oldrel-macos-arm64, r-oldrel-macos-x86_64
These binaries (installable software) and packages are in development.
They may not be fully stable and should be used with caution. We make no claims about them.