Last updated on 2025-02-19 16:50:51 CET.
Flavor | Version | Tinstall | Tcheck | Ttotal | Status | Flags |
---|---|---|---|---|---|---|
r-devel-linux-x86_64-debian-clang | 1.0.2 | 83.54 | 62.35 | 145.89 | OK | |
r-devel-linux-x86_64-debian-gcc | 1.0.2 | 65.63 | 46.02 | 111.65 | OK | |
r-devel-linux-x86_64-fedora-clang | 1.0.2 | 278.36 | OK | |||
r-devel-linux-x86_64-fedora-gcc | 1.0.2 | 307.72 | OK | |||
r-devel-macos-arm64 | 1.0.2 | 91.00 | OK | |||
r-devel-macos-x86_64 | 1.0.2 | 163.00 | OK | |||
r-devel-windows-x86_64 | 1.0.2 | 102.00 | 106.00 | 208.00 | OK | |
r-patched-linux-x86_64 | 1.0.2 | 96.96 | 60.14 | 157.10 | OK | |
r-release-linux-x86_64 | 1.0.2 | 85.76 | 59.77 | 145.53 | OK | |
r-release-macos-arm64 | 1.0.2 | 90.00 | NOTE | |||
r-release-macos-x86_64 | 1.0.2 | 104.00 | NOTE | |||
r-release-windows-x86_64 | 1.0.2 | 101.00 | 102.00 | 203.00 | OK | |
r-oldrel-macos-arm64 | 1.0.2 | 95.00 | NOTE | |||
r-oldrel-macos-x86_64 | 1.0.2 | 131.00 | NOTE | |||
r-oldrel-windows-x86_64 | 1.0.2 | 129.00 | 147.00 | 276.00 | OK |
Version: 1.0.2
Check: installed package size
Result: NOTE
installed size is 6.9Mb
sub-directories of 1Mb or more:
libs 6.4Mb
Flavors: r-release-macos-arm64, r-release-macos-x86_64, r-oldrel-macos-arm64, r-oldrel-macos-x86_64
These binaries (installable software) and packages are in development.
They may not be fully stable and should be used with caution. We make no claims about them.