Last updated on 2025-10-03 03:50:44 CEST.
Flavor | Version | Tinstall | Tcheck | Ttotal | Status | Flags |
---|---|---|---|---|---|---|
r-devel-linux-x86_64-debian-clang | 1.0.3 | 79.49 | 69.46 | 148.95 | OK | |
r-devel-linux-x86_64-debian-gcc | 1.0.3 | 63.48 | 49.70 | 113.18 | OK | |
r-devel-linux-x86_64-fedora-clang | 1.0.3 | 277.32 | OK | |||
r-devel-linux-x86_64-fedora-gcc | 1.0.3 | 303.42 | OK | |||
r-devel-windows-x86_64 | 1.0.3 | 119.00 | 106.00 | 225.00 | OK | |
r-patched-linux-x86_64 | 1.0.3 | 94.09 | 64.16 | 158.25 | OK | |
r-release-linux-x86_64 | 1.0.3 | 90.90 | 64.25 | 155.15 | OK | |
r-release-macos-arm64 | 1.0.3 | 87.00 | OK | |||
r-release-macos-x86_64 | 1.0.3 | 110.00 | OK | |||
r-release-windows-x86_64 | 1.0.3 | 114.00 | 107.00 | 221.00 | OK | |
r-oldrel-macos-arm64 | 1.0.3 | 94.00 | NOTE | |||
r-oldrel-macos-x86_64 | 1.0.3 | 126.00 | NOTE | |||
r-oldrel-windows-x86_64 | 1.0.3 | 133.00 | 135.00 | 268.00 | OK |
Version: 1.0.3
Check: installed package size
Result: NOTE
installed size is 7.3Mb
sub-directories of 1Mb or more:
libs 6.9Mb
Flavors: r-oldrel-macos-arm64, r-oldrel-macos-x86_64
These binaries (installable software) and packages are in development.
They may not be fully stable and should be used with caution. We make no claims about them.