CRAN Package Check Results for Package ipfp

Last updated on 2025-07-26 01:50:53 CEST.

Flavor Version Tinstall Tcheck Ttotal Status Flags
r-devel-linux-x86_64-debian-clang 1.0.2 1.95 16.56 18.51 NOTE
r-devel-linux-x86_64-debian-gcc 1.0.2 1.72 14.92 16.64 NOTE
r-devel-linux-x86_64-fedora-clang 1.0.2 28.26 OK
r-devel-linux-x86_64-fedora-gcc 1.0.2 28.08 OK
r-devel-windows-x86_64 1.0.2 6.00 35.00 41.00 OK
r-patched-linux-x86_64 1.0.2 1.98 15.60 17.58 OK
r-release-linux-x86_64 1.0.2 1.85 15.35 17.20 OK
r-release-macos-arm64 1.0.2 17.00 OK
r-release-macos-x86_64 1.0.2 24.00 OK
r-release-windows-x86_64 1.0.2 6.00 41.00 47.00 OK
r-oldrel-macos-arm64 1.0.2 16.00 OK
r-oldrel-macos-x86_64 1.0.2 20.00 OK
r-oldrel-windows-x86_64 1.0.2 5.00 36.00 41.00 OK

Check Details

Version: 1.0.2
Check: CRAN incoming feasibility
Result: NOTE Maintainer: ‘Alexander W Blocker <ablocker@gmail.com>’ No Authors@R field in DESCRIPTION. Please add one, modifying Authors@R: person(given = c("Alexander", "W"), family = "Blocker", role = c("aut", "cre"), email = "ablocker@gmail.com") as necessary. Flavors: r-devel-linux-x86_64-debian-clang, r-devel-linux-x86_64-debian-gcc

These binaries (installable software) and packages are in development.
They may not be fully stable and should be used with caution. We make no claims about them.