Last updated on 2024-07-27 15:50:21 CEST.
Flavor | Version | Tinstall | Tcheck | Ttotal | Status | Flags |
---|---|---|---|---|---|---|
r-devel-linux-x86_64-debian-clang | 1.0.2 | 5.94 | 170.83 | 176.77 | NOTE | |
r-devel-linux-x86_64-debian-gcc | 1.0.2 | NOTE | ||||
r-devel-linux-x86_64-fedora-clang | 1.0.2 | 216.87 | NOTE | |||
r-devel-linux-x86_64-fedora-gcc | 1.0.2 | 213.30 | NOTE | |||
r-devel-windows-x86_64 | 1.0.2 | 8.00 | 126.00 | 134.00 | NOTE | |
r-patched-linux-x86_64 | 1.0.2 | NOTE | ||||
r-release-linux-x86_64 | 1.0.2 | 3.78 | 165.30 | 169.08 | NOTE | |
r-release-macos-arm64 | 1.0.2 | 65.00 | NOTE | |||
r-release-macos-x86_64 | 1.0.2 | 102.00 | NOTE | |||
r-release-windows-x86_64 | 1.0.2 | 7.00 | 125.00 | 132.00 | NOTE | |
r-oldrel-macos-arm64 | 1.0.2 | 79.00 | NOTE | |||
r-oldrel-macos-x86_64 | 1.0.2 | 121.00 | NOTE | |||
r-oldrel-windows-x86_64 | 1.0.2 | 9.00 | 165.00 | 174.00 | NOTE |
Version: 1.0.2
Check: LazyData
Result: NOTE
'LazyData' is specified without a 'data' directory
Flavors: r-devel-linux-x86_64-debian-clang, r-devel-linux-x86_64-debian-gcc, r-devel-linux-x86_64-fedora-clang, r-devel-linux-x86_64-fedora-gcc, r-devel-windows-x86_64, r-patched-linux-x86_64, r-release-linux-x86_64, r-release-macos-arm64, r-release-macos-x86_64, r-release-windows-x86_64, r-oldrel-macos-arm64, r-oldrel-macos-x86_64, r-oldrel-windows-x86_64
These binaries (installable software) and packages are in development.
They may not be fully stable and should be used with caution. We make no claims about them.