Last updated on 2025-10-23 09:50:48 CEST.
Flavor | Version | Tinstall | Tcheck | Ttotal | Status | Flags |
---|---|---|---|---|---|---|
r-devel-linux-x86_64-debian-clang | 0.7.4 | 64.53 | 98.97 | 163.50 | NOTE | |
r-devel-linux-x86_64-debian-gcc | 0.7.4 | 45.66 | 74.02 | 119.68 | OK | |
r-devel-linux-x86_64-fedora-clang | 0.7.4 | 189.00 | 87.65 | 276.65 | OK | |
r-devel-linux-x86_64-fedora-gcc | 0.7.4 | 116.00 | 152.61 | 268.61 | OK | |
r-devel-windows-x86_64 | 0.7.4 | 70.00 | 123.00 | 193.00 | OK | |
r-patched-linux-x86_64 | 0.7.4 | 68.59 | 101.75 | 170.34 | OK | |
r-release-linux-x86_64 | 0.7.4 | 66.04 | 101.34 | 167.38 | OK | |
r-release-macos-arm64 | 0.7.4 | 32.00 | 60.00 | 92.00 | OK | |
r-release-macos-x86_64 | 0.7.4 | 27.00 | 76.00 | 103.00 | OK | |
r-release-windows-x86_64 | 0.7.4 | 72.00 | 129.00 | 201.00 | OK | |
r-oldrel-macos-arm64 | 0.7.4 | 28.00 | 43.00 | 71.00 | NOTE | |
r-oldrel-macos-x86_64 | 0.7.4 | 26.00 | 67.00 | 93.00 | NOTE | |
r-oldrel-windows-x86_64 | 0.7.4 | 85.00 | 157.00 | 242.00 | OK |
Version: 0.7.4
Check: HTML version of manual
Result: NOTE
Found the following HTML validation problems:
sigma.html:52:1 (sigma.Rd:13): Warning: missing </ul> before </div>
summary.ipriorMod.html:58:1 (summary.ipriorMod.Rd:17): Warning: missing </ul> before </div>
update.ipriorMod.html:65:1 (update.ipriorMod.Rd:20): Warning: missing </ul> before </div>
Flavor: r-devel-linux-x86_64-debian-clang
Version: 0.7.4
Check: installed package size
Result: NOTE
installed size is 13.5Mb
sub-directories of 1Mb or more:
libs 12.2Mb
Flavors: r-oldrel-macos-arm64, r-oldrel-macos-x86_64
These binaries (installable software) and packages are in development.
They may not be fully stable and should be used with caution. We make no claims about them.