Last updated on 2025-05-01 08:52:36 CEST.
Flavor | Version | Tinstall | Tcheck | Ttotal | Status | Flags |
---|---|---|---|---|---|---|
r-devel-linux-x86_64-debian-clang | 0.7.4 | 64.14 | 88.60 | 152.74 | OK | |
r-devel-linux-x86_64-debian-gcc | 0.7.4 | 49.30 | 68.49 | 117.79 | OK | |
r-devel-linux-x86_64-fedora-clang | 0.7.4 | 244.87 | OK | |||
r-devel-linux-x86_64-fedora-gcc | 0.7.4 | 258.39 | OK | |||
r-devel-windows-x86_64 | 0.7.4 | 70.00 | 124.00 | 194.00 | OK | |
r-patched-linux-x86_64 | 0.7.4 | 65.26 | 90.45 | 155.71 | OK | |
r-release-linux-x86_64 | OK | |||||
r-release-macos-arm64 | 0.7.4 | 92.00 | OK | |||
r-release-macos-x86_64 | 0.7.4 | 103.00 | OK | |||
r-release-windows-x86_64 | 0.7.4 | 73.00 | 129.00 | 202.00 | OK | |
r-oldrel-macos-arm64 | 0.7.4 | 71.00 | NOTE | |||
r-oldrel-macos-x86_64 | 0.7.4 | 93.00 | NOTE | |||
r-oldrel-windows-x86_64 | 0.7.4 | 78.00 | 152.00 | 230.00 | OK |
Version: 0.7.4
Check: installed package size
Result: NOTE
installed size is 13.5Mb
sub-directories of 1Mb or more:
libs 12.2Mb
Flavors: r-oldrel-macos-arm64, r-oldrel-macos-x86_64
These binaries (installable software) and packages are in development.
They may not be fully stable and should be used with caution. We make no claims about them.