CRAN Package Check Results for Package ipsRdbs

Last updated on 2025-11-13 17:50:37 CET.

Flavor Version Tinstall Tcheck Ttotal Status Flags
r-devel-linux-x86_64-debian-clang 1.0.0 5.26 172.98 178.24 OK
r-devel-linux-x86_64-debian-gcc 1.0.0 3.81 130.15 133.96 OK
r-devel-linux-x86_64-fedora-clang 1.0.0 25.00 236.79 261.79 OK
r-devel-linux-x86_64-fedora-gcc 1.0.0 12.00 246.42 258.42 OK
r-devel-windows-x86_64 1.0.0 9.00 133.00 142.00 OK
r-patched-linux-x86_64 1.0.0 5.50 170.60 176.10 OK
r-release-linux-x86_64 1.0.0 5.34 170.06 175.40 OK
r-release-macos-arm64 1.0.0 3.00 78.00 81.00 OK
r-release-macos-x86_64 1.0.0 4.00 110.00 114.00 OK
r-release-windows-x86_64 1.0.0 8.00 131.00 139.00 OK
r-oldrel-macos-arm64 1.0.0 3.00 58.00 61.00 NOTE
r-oldrel-macos-x86_64 1.0.0 4.00 92.00 96.00 NOTE
r-oldrel-windows-x86_64 1.0.0 12.00 166.00 178.00 NOTE

Check Details

Version: 1.0.0
Check: installed package size
Result: NOTE installed size is 5.6Mb sub-directories of 1Mb or more: doc 5.2Mb Flavors: r-oldrel-macos-arm64, r-oldrel-macos-x86_64, r-oldrel-windows-x86_64

These binaries (installable software) and packages are in development.
They may not be fully stable and should be used with caution. We make no claims about them.