CRAN Package Check Results for Package ipsfs

Last updated on 2025-11-11 17:50:02 CET.

Flavor Version Tinstall Tcheck Ttotal Status Flags
r-devel-linux-x86_64-debian-clang 1.0.0 4.66 34.80 39.46 NOTE
r-devel-linux-x86_64-debian-gcc 1.0.0 3.02 25.28 28.30 NOTE
r-devel-linux-x86_64-fedora-clang 1.0.0 17.00 43.10 60.10 OK
r-devel-linux-x86_64-fedora-gcc 1.0.0 11.00 43.56 54.56 OK
r-devel-windows-x86_64 1.0.0 6.00 58.00 64.00 OK
r-patched-linux-x86_64 1.0.0 5.37 32.41 37.78 OK
r-release-linux-x86_64 1.0.0 3.64 32.81 36.45 OK
r-release-macos-arm64 1.0.0 2.00 17.00 19.00 OK
r-release-macos-x86_64 1.0.0 4.00 29.00 33.00 OK
r-release-windows-x86_64 1.0.0 6.00 58.00 64.00 OK
r-oldrel-macos-arm64 1.0.0 2.00 17.00 19.00 OK
r-oldrel-macos-x86_64 1.0.0 3.00 24.00 27.00 OK
r-oldrel-windows-x86_64 1.0.0 6.00 57.00 63.00 OK

Check Details

Version: 1.0.0
Check: CRAN incoming feasibility
Result: NOTE Maintainer: ‘Rama Ranjan Panda<rrpanda.phd2018.cs@nitrr.ac.in>’ No Authors@R field in DESCRIPTION. Please add one, modifying Authors@R: c(person(given = c("Rama", "Ranjan"), family = "Panda", role = c("aut", "cre"), email = "rrpanda.phd2018.cs@nitrr.ac.in"), person(given = c("Naresh", "Kumar"), family = "Nagwani", role = "aut")) as necessary. Flavors: r-devel-linux-x86_64-debian-clang, r-devel-linux-x86_64-debian-gcc

These binaries (installable software) and packages are in development.
They may not be fully stable and should be used with caution. We make no claims about them.