Last updated on 2025-05-01 12:49:31 CEST.
Flavor | Version | Tinstall | Tcheck | Ttotal | Status | Flags |
---|---|---|---|---|---|---|
r-devel-linux-x86_64-debian-clang | 0.8.2 | 14.57 | 248.86 | 263.43 | NOTE | |
r-devel-linux-x86_64-debian-gcc | 0.8.2 | 9.33 | 192.94 | 202.27 | OK | |
r-devel-linux-x86_64-fedora-clang | 0.8.2 | 386.12 | OK | |||
r-devel-linux-x86_64-fedora-gcc | 0.8.2 | 393.12 | OK | |||
r-devel-windows-x86_64 | 0.8.2 | 14.00 | 314.00 | 328.00 | OK | |
r-patched-linux-x86_64 | 0.8.2 | 15.92 | 233.00 | 248.92 | OK | |
r-release-linux-x86_64 | OK | |||||
r-release-macos-arm64 | 0.8.2 | 145.00 | OK | |||
r-release-macos-x86_64 | 0.8.2 | 188.00 | OK | |||
r-release-windows-x86_64 | 0.8.2 | 14.00 | 326.00 | 340.00 | OK | |
r-oldrel-macos-arm64 | 0.8.2 | 131.00 | OK | |||
r-oldrel-macos-x86_64 | 0.8.2 | 177.00 | OK | |||
r-oldrel-windows-x86_64 | 0.8.2 | 18.00 | 364.00 | 382.00 | OK |
Version: 0.8.2
Check: examples
Result: NOTE
Examples with CPU (user + system) or elapsed time > 5s
user system elapsed
read_nhgis 1.817 0.146 5.679
Flavor: r-devel-linux-x86_64-debian-clang
Version: 0.8.2
Check: examples
Result: NA
user system elapsed
read_nhgis 2.432 0.349 13.031
OK
Flavor: r-devel-linux-x86_64-debian-gcc
These binaries (installable software) and packages are in development.
They may not be fully stable and should be used with caution. We make no claims about them.