CRAN Package Check Results for Package ipwCoxCSV

Last updated on 2025-11-24 13:50:00 CET.

Flavor Version Tinstall Tcheck Ttotal Status Flags
r-devel-linux-x86_64-debian-clang 1.0 6.92 56.03 62.95 NOTE
r-devel-linux-x86_64-debian-gcc 1.0 5.16 42.45 47.61 NOTE
r-devel-linux-x86_64-fedora-clang 1.0 15.00 79.21 94.21 OK
r-devel-linux-x86_64-fedora-gcc 1.0 13.00 74.73 87.73 OK
r-devel-windows-x86_64 1.0 9.00 62.00 71.00 OK
r-patched-linux-x86_64 1.0 6.65 53.55 60.20 OK
r-release-linux-x86_64 1.0 6.71 52.85 59.56 OK
r-release-macos-arm64 1.0 OK
r-release-macos-x86_64 1.0 5.00 47.00 52.00 OK
r-release-windows-x86_64 1.0 8.00 73.00 81.00 OK
r-oldrel-macos-arm64 1.0 OK
r-oldrel-macos-x86_64 1.0 4.00 39.00 43.00 OK
r-oldrel-windows-x86_64 1.0 10.00 74.00 84.00 OK

Check Details

Version: 1.0
Check: CRAN incoming feasibility
Result: NOTE Maintainer: ‘Di Shu <shudi1991@gmail.com>’ No Authors@R field in DESCRIPTION. Please add one, modifying Authors@R: c(person(given = "Di", family = "Shu", role = c("aut", "cre"), email = "shudi1991@gmail.com"), person(given = "Rui", family = "Wang", role = "aut", email = "rwang@hsph.harvard.edu")) as necessary. Flavors: r-devel-linux-x86_64-debian-clang, r-devel-linux-x86_64-debian-gcc

These binaries (installable software) and packages are in development.
They may not be fully stable and should be used with caution. We make no claims about them.