CRAN Package Check Results for Package iq

Last updated on 2025-07-17 17:50:17 CEST.

Flavor Version Tinstall Tcheck Ttotal Status Flags
r-devel-linux-x86_64-debian-clang 1.10.1 17.90 31.77 49.67 OK
r-devel-linux-x86_64-debian-gcc 1.10.1 15.48 26.17 41.65 OK
r-devel-linux-x86_64-fedora-clang 1.10.1 81.82 OK
r-devel-linux-x86_64-fedora-gcc 1.10.1 99.62 OK
r-devel-windows-x86_64 1.10.1 21.00 77.00 98.00 OK
r-patched-linux-x86_64 1.10.1 19.23 32.08 51.31 OK
r-release-linux-x86_64 1.10.1 19.57 31.19 50.76 OK
r-release-macos-arm64 1.10.1 35.00 OK
r-release-macos-x86_64 1.10.1 75.00 OK
r-release-windows-x86_64 1.10.1 21.00 76.00 97.00 OK
r-oldrel-macos-arm64 1.10.1 51.00 NOTE
r-oldrel-macos-x86_64 1.10.1 108.00 NOTE
r-oldrel-windows-x86_64 1.10.1 26.00 90.00 116.00 OK

Check Details

Version: 1.10.1
Check: installed package size
Result: NOTE installed size is 7.1Mb sub-directories of 1Mb or more: libs 6.5Mb Flavors: r-oldrel-macos-arm64, r-oldrel-macos-x86_64

These binaries (installable software) and packages are in development.
They may not be fully stable and should be used with caution. We make no claims about them.