Last updated on 2025-05-21 21:49:20 CEST.
Flavor | Version | Tinstall | Tcheck | Ttotal | Status | Flags |
---|---|---|---|---|---|---|
r-devel-linux-x86_64-debian-clang | 1.10.1 | 18.89 | 32.04 | 50.93 | OK | |
r-devel-linux-x86_64-debian-gcc | 1.10.1 | 14.85 | 25.45 | 40.30 | OK | |
r-devel-linux-x86_64-fedora-clang | 1.10.1 | 85.26 | OK | |||
r-devel-linux-x86_64-fedora-gcc | 1.10.1 | 106.71 | OK | |||
r-devel-windows-x86_64 | 1.10.1 | 22.00 | 92.00 | 114.00 | OK | |
r-patched-linux-x86_64 | 1.10.1 | 20.81 | 31.27 | 52.08 | OK | |
r-release-linux-x86_64 | 1.10.1 | 21.02 | 31.81 | 52.83 | OK | |
r-release-macos-arm64 | 1.10.1 | 35.00 | OK | |||
r-release-macos-x86_64 | 1.10.1 | 75.00 | OK | |||
r-release-windows-x86_64 | 1.10.1 | 24.00 | 92.00 | 116.00 | OK | |
r-oldrel-macos-arm64 | 1.10.1 | 51.00 | NOTE | |||
r-oldrel-macos-x86_64 | 1.10.1 | 108.00 | NOTE | |||
r-oldrel-windows-x86_64 | 1.10.1 | 26.00 | 91.00 | 117.00 | OK |
Version: 1.10.1
Check: installed package size
Result: NOTE
installed size is 7.1Mb
sub-directories of 1Mb or more:
libs 6.5Mb
Flavors: r-oldrel-macos-arm64, r-oldrel-macos-x86_64
These binaries (installable software) and packages are in development.
They may not be fully stable and should be used with caution. We make no claims about them.