Last updated on 2025-10-23 17:50:51 CEST.
Flavor | Version | Tinstall | Tcheck | Ttotal | Status | Flags |
---|---|---|---|---|---|---|
r-devel-linux-x86_64-debian-clang | 4.3 | 13.68 | 134.87 | 148.55 | NOTE | |
r-devel-linux-x86_64-debian-gcc | 4.3 | 8.44 | 93.28 | 101.72 | OK | |
r-devel-linux-x86_64-fedora-clang | 4.3 | 37.00 | 180.06 | 217.06 | OK | |
r-devel-linux-x86_64-fedora-gcc | 4.3 | 28.00 | 181.74 | 209.74 | OK | |
r-devel-windows-x86_64 | 4.3 | 17.00 | 157.00 | 174.00 | OK | |
r-patched-linux-x86_64 | 4.3 | 14.10 | 125.51 | 139.61 | OK | |
r-release-linux-x86_64 | 4.3 | 12.51 | 126.60 | 139.11 | OK | |
r-release-macos-arm64 | 4.3 | 6.00 | 70.00 | 76.00 | OK | |
r-release-macos-x86_64 | 4.3 | 13.00 | 157.00 | 170.00 | OK | |
r-release-windows-x86_64 | 4.3 | 16.00 | 164.00 | 180.00 | OK | |
r-oldrel-macos-arm64 | 4.3 | 10.00 | 154.00 | 164.00 | NOTE | |
r-oldrel-macos-x86_64 | 4.3 | 11.00 | 142.00 | 153.00 | NOTE | |
r-oldrel-windows-x86_64 | 4.3 | 21.00 | 194.00 | 215.00 | OK |
Version: 4.3
Check: HTML version of manual
Result: NOTE
Found the following HTML validation problems:
checkParameters.html:49:1 (checkParameters.Rd:12): Warning: missing </ul> before </div>
Flavor: r-devel-linux-x86_64-debian-clang
Version: 4.3
Check: package dependencies
Result: NOTE
Package suggested but not available for checking: ‘Rmpi’
Flavors: r-oldrel-macos-arm64, r-oldrel-macos-x86_64
These binaries (installable software) and packages are in development.
They may not be fully stable and should be used with caution. We make no claims about them.