Last updated on 2025-02-20 21:50:36 CET.
Flavor | Version | Tinstall | Tcheck | Ttotal | Status | Flags |
---|---|---|---|---|---|---|
r-devel-linux-x86_64-debian-clang | 4.2.0 | 13.72 | 119.12 | 132.84 | OK | |
r-devel-linux-x86_64-debian-gcc | 4.2.0 | 8.13 | 84.65 | 92.78 | OK | |
r-devel-linux-x86_64-fedora-clang | 4.2.0 | 230.08 | OK | |||
r-devel-linux-x86_64-fedora-gcc | 4.2.0 | 213.45 | OK | |||
r-devel-macos-arm64 | 4.2.0 | 76.00 | OK | |||
r-devel-macos-x86_64 | 4.2.0 | 175.00 | OK | |||
r-devel-windows-x86_64 | 4.2.0 | 16.00 | 158.00 | 174.00 | OK | |
r-patched-linux-x86_64 | 4.2.0 | 13.88 | 114.38 | 128.26 | OK | |
r-release-linux-x86_64 | 4.2.0 | 10.70 | 117.92 | 128.62 | OK | |
r-release-macos-arm64 | 4.2.0 | 81.00 | NOTE | |||
r-release-macos-x86_64 | 4.2.0 | 154.00 | NOTE | |||
r-release-windows-x86_64 | 4.2.0 | 17.00 | 157.00 | 174.00 | OK | |
r-oldrel-macos-arm64 | 4.1 | 68.00 | NOTE | |||
r-oldrel-macos-x86_64 | 4.2.0 | 140.00 | NOTE | |||
r-oldrel-windows-x86_64 | 4.2.0 | 20.00 | 177.00 | 197.00 | OK |
Version: 4.2.0
Check: package dependencies
Result: NOTE
Package suggested but not available for checking: ‘Rmpi’
Flavors: r-release-macos-arm64, r-release-macos-x86_64, r-oldrel-macos-x86_64
Version: 4.1
Check: package dependencies
Result: NOTE
Package suggested but not available for checking: ‘Rmpi’
Flavor: r-oldrel-macos-arm64
These binaries (installable software) and packages are in development.
They may not be fully stable and should be used with caution. We make no claims about them.