Last updated on 2025-05-08 04:52:08 CEST.
Flavor | Version | Tinstall | Tcheck | Ttotal | Status | Flags |
---|---|---|---|---|---|---|
r-devel-linux-x86_64-debian-clang | 4.2.0 | 14.15 | 121.46 | 135.61 | OK | |
r-devel-linux-x86_64-debian-gcc | 4.2.0 | 8.45 | 87.31 | 95.76 | OK | |
r-devel-linux-x86_64-fedora-clang | 4.2.0 | 205.01 | OK | |||
r-devel-linux-x86_64-fedora-gcc | 4.2.0 | 222.25 | OK | |||
r-devel-windows-x86_64 | 4.2.0 | 16.00 | 157.00 | 173.00 | OK | |
r-patched-linux-x86_64 | 4.2.0 | 12.48 | 112.97 | 125.45 | OK | |
r-release-linux-x86_64 | 4.2.0 | 13.07 | 115.13 | 128.20 | OK | |
r-release-macos-arm64 | 4.2.0 | 70.00 | OK | |||
r-release-macos-x86_64 | 4.2.0 | 147.00 | OK | |||
r-release-windows-x86_64 | 4.2.0 | 16.00 | 162.00 | 178.00 | OK | |
r-oldrel-macos-arm64 | 4.2.0 | 81.00 | NOTE | |||
r-oldrel-macos-x86_64 | 4.2.0 | 154.00 | NOTE | |||
r-oldrel-windows-x86_64 | 4.2.0 | 17.00 | 189.00 | 206.00 | OK |
Version: 4.2.0
Check: package dependencies
Result: NOTE
Package suggested but not available for checking: ‘Rmpi’
Flavors: r-oldrel-macos-arm64, r-oldrel-macos-x86_64
These binaries (installable software) and packages are in development.
They may not be fully stable and should be used with caution. We make no claims about them.