Last updated on 2025-11-11 15:50:37 CET.
| Flavor | Version | Tinstall | Tcheck | Ttotal | Status | Flags |
|---|---|---|---|---|---|---|
| r-devel-linux-x86_64-debian-clang | 2.3.5.1 | 7.76 | 74.75 | 82.51 | NOTE | |
| r-devel-linux-x86_64-debian-gcc | 2.3.5.1 | 6.81 | 56.91 | 63.72 | NOTE | |
| r-devel-linux-x86_64-fedora-clang | 2.3.5.1 | 32.00 | 98.16 | 130.16 | NOTE | |
| r-devel-linux-x86_64-fedora-gcc | 2.3.5.1 | 16.00 | 111.03 | 127.03 | NOTE | |
| r-devel-windows-x86_64 | 2.3.5.1 | 11.00 | 93.00 | 104.00 | NOTE | |
| r-patched-linux-x86_64 | 2.3.5.1 | 6.63 | 72.25 | 78.88 | NOTE | |
| r-release-linux-x86_64 | 2.3.5.1 | 8.24 | 71.38 | 79.62 | NOTE | |
| r-release-macos-arm64 | 2.3.5.1 | 7.00 | 44.00 | 51.00 | NOTE | |
| r-release-macos-x86_64 | 2.3.5.1 | 12.00 | 92.00 | 104.00 | NOTE | |
| r-release-windows-x86_64 | 2.3.5.1 | 11.00 | 92.00 | 103.00 | NOTE | |
| r-oldrel-macos-arm64 | 2.3.5.1 | 5.00 | 41.00 | 46.00 | NOTE | |
| r-oldrel-macos-x86_64 | 2.3.5.1 | 13.00 | 69.00 | 82.00 | NOTE | |
| r-oldrel-windows-x86_64 | 2.3.5.1 | 14.00 | 110.00 | 124.00 | NOTE |
Version: 2.3.5.1
Check: Rd files
Result: NOTE
checkRd: (-1) partial_eigen.Rd:23: Lost braces in \itemize; \value handles \item{}{} directly
checkRd: (-1) partial_eigen.Rd:24: Lost braces in \itemize; \value handles \item{}{} directly
checkRd: (-1) prcomp_irlba.Rd:41-44: Lost braces in \itemize; \value handles \item{}{} directly
checkRd: (-1) prcomp_irlba.Rd:45-46: Lost braces in \itemize; \value handles \item{}{} directly
checkRd: (-1) prcomp_irlba.Rd:47-50: Lost braces in \itemize; \value handles \item{}{} directly
checkRd: (-1) prcomp_irlba.Rd:51: Lost braces in \itemize; \value handles \item{}{} directly
checkRd: (-1) ssvd.Rd:52: Lost braces in \itemize; \value handles \item{}{} directly
checkRd: (-1) ssvd.Rd:53: Lost braces in \itemize; \value handles \item{}{} directly
checkRd: (-1) ssvd.Rd:54: Lost braces in \itemize; \value handles \item{}{} directly
checkRd: (-1) ssvd.Rd:55: Lost braces in \itemize; \value handles \item{}{} directly
checkRd: (-1) ssvd.Rd:56: Lost braces in \itemize; \value handles \item{}{} directly
checkRd: (-1) ssvd.Rd:57: Lost braces in \itemize; \value handles \item{}{} directly
checkRd: (-1) ssvd.Rd:58: Lost braces in \itemize; \value handles \item{}{} directly
checkRd: (-1) ssvd.Rd:59: Lost braces in \itemize; \value handles \item{}{} directly
Flavors: r-devel-linux-x86_64-debian-clang, r-devel-linux-x86_64-debian-gcc, r-devel-linux-x86_64-fedora-clang, r-devel-linux-x86_64-fedora-gcc, r-devel-windows-x86_64, r-patched-linux-x86_64, r-release-linux-x86_64, r-release-macos-arm64, r-release-macos-x86_64, r-release-windows-x86_64, r-oldrel-macos-arm64, r-oldrel-macos-x86_64, r-oldrel-windows-x86_64
These binaries (installable software) and packages are in development.
They may not be fully stable and should be used with caution. We make no claims about them.