CRAN Package Check Results for Package irrICC

Last updated on 2025-07-27 01:48:24 CEST.

Flavor Version Tinstall Tcheck Ttotal Status Flags
r-devel-linux-x86_64-debian-clang 1.0 4.53 43.70 48.23 NOTE
r-devel-linux-x86_64-debian-gcc 1.0 3.27 32.71 35.98 NOTE
r-devel-linux-x86_64-fedora-clang 1.0 77.14 OK
r-devel-linux-x86_64-fedora-gcc 1.0 81.68 OK
r-devel-windows-x86_64 1.0 8.00 85.00 93.00 OK
r-patched-linux-x86_64 1.0 5.15 41.30 46.45 OK
r-release-linux-x86_64 1.0 4.04 41.98 46.02 OK
r-release-macos-arm64 1.0 33.00 OK
r-release-macos-x86_64 1.0 69.00 OK
r-release-windows-x86_64 1.0 5.00 71.00 76.00 OK
r-oldrel-macos-arm64 1.0 31.00 OK
r-oldrel-macos-x86_64 1.0 63.00 OK
r-oldrel-windows-x86_64 1.0 6.00 88.00 94.00 OK

Check Details

Version: 1.0
Check: CRAN incoming feasibility
Result: NOTE Maintainer: ‘Kilem L. Gwet <gwet@agreestat.com>’ No Authors@R field in DESCRIPTION. Please add one, modifying Authors@R: c(person(given = c("Kilem", "L."), family = "Gwet", role = c("aut", "cre"), email = "gwet@agreestat.com"), person(family = "Ph.D.", role = "aut")) as necessary. Flavors: r-devel-linux-x86_64-debian-clang, r-devel-linux-x86_64-debian-gcc

These binaries (installable software) and packages are in development.
They may not be fully stable and should be used with caution. We make no claims about them.