Last updated on 2025-10-23 17:50:51 CEST.
Flavor | Version | Tinstall | Tcheck | Ttotal | Status | Flags |
---|---|---|---|---|---|---|
r-devel-linux-x86_64-debian-clang | 0.2.9 | 124.85 | 200.78 | 325.63 | OK | |
r-devel-linux-x86_64-debian-gcc | 0.2.9 | 100.77 | 127.78 | 228.55 | OK | |
r-devel-linux-x86_64-fedora-clang | 0.2.9 | 370.00 | 190.63 | 560.63 | OK | |
r-devel-linux-x86_64-fedora-gcc | 0.2.9 | 296.00 | 260.72 | 556.72 | OK | |
r-devel-windows-x86_64 | 0.2.9 | 139.00 | 216.00 | 355.00 | OK | |
r-patched-linux-x86_64 | 0.2.9 | 152.21 | 189.48 | 341.69 | OK | |
r-release-linux-x86_64 | 0.2.9 | 141.50 | 188.61 | 330.11 | OK | |
r-release-macos-arm64 | 0.2.9 | 47.00 | 68.00 | 115.00 | OK | |
r-release-macos-x86_64 | 0.2.9 | 49.00 | 153.00 | 202.00 | OK | |
r-release-windows-x86_64 | 0.2.9 | 140.00 | 222.00 | 362.00 | OK | |
r-oldrel-macos-arm64 | 0.2.9 | 52.00 | 65.00 | 117.00 | NOTE | |
r-oldrel-macos-x86_64 | 0.2.9 | 47.00 | 113.00 | 160.00 | NOTE | |
r-oldrel-windows-x86_64 | 0.2.9 | 154.00 | 291.00 | 445.00 | OK |
Version: 0.2.9
Check: installed package size
Result: NOTE
installed size is 9.8Mb
sub-directories of 1Mb or more:
libs 8.1Mb
Flavors: r-oldrel-macos-arm64, r-oldrel-macos-x86_64
These binaries (installable software) and packages are in development.
They may not be fully stable and should be used with caution. We make no claims about them.