Last updated on 2025-02-23 07:51:56 CET.
Flavor | Version | Tinstall | Tcheck | Ttotal | Status | Flags |
---|---|---|---|---|---|---|
r-devel-linux-x86_64-debian-clang | 0.2 | 12.44 | 92.04 | 104.48 | OK | |
r-devel-linux-x86_64-debian-gcc | 0.2 | 8.56 | 68.85 | 77.41 | OK | |
r-devel-linux-x86_64-fedora-clang | 0.2 | 177.79 | OK | |||
r-devel-linux-x86_64-fedora-gcc | 0.2 | 154.23 | OK | |||
r-devel-macos-arm64 | 0.2 | 46.00 | OK | |||
r-devel-macos-x86_64 | 0.2 | 86.00 | OK | |||
r-devel-windows-x86_64 | 0.2 | 15.00 | 97.00 | 112.00 | OK | |
r-patched-linux-x86_64 | 0.2 | 11.70 | 87.48 | 99.18 | NOTE | |
r-release-linux-x86_64 | 0.2 | 11.39 | 83.19 | 94.58 | NOTE | |
r-release-macos-arm64 | 0.2 | 39.00 | NOTE | |||
r-release-macos-x86_64 | 0.2 | 61.00 | NOTE | |||
r-release-windows-x86_64 | 0.2 | 15.00 | 93.00 | 108.00 | NOTE | |
r-oldrel-macos-arm64 | 0.2 | 43.00 | NOTE | |||
r-oldrel-macos-x86_64 | 0.2 | 71.00 | NOTE | |||
r-oldrel-windows-x86_64 | 0.2 | 20.00 | 120.00 | 140.00 | NOTE |
Version: 0.2
Check: LazyData
Result: NOTE
'LazyData' is specified without a 'data' directory
Flavors: r-patched-linux-x86_64, r-release-linux-x86_64, r-release-macos-arm64, r-release-macos-x86_64, r-release-windows-x86_64, r-oldrel-macos-arm64, r-oldrel-macos-x86_64, r-oldrel-windows-x86_64
These binaries (installable software) and packages are in development.
They may not be fully stable and should be used with caution. We make no claims about them.