Last updated on 2025-10-23 21:51:30 CEST.
Flavor | Version | Tinstall | Tcheck | Ttotal | Status | Flags |
---|---|---|---|---|---|---|
r-devel-linux-x86_64-debian-clang | 1.0.0 | 30.97 | 191.38 | 222.35 | OK | |
r-devel-linux-x86_64-debian-gcc | 1.0.0 | 23.22 | 126.32 | 149.54 | NOTE | |
r-devel-linux-x86_64-fedora-clang | 1.0.0 | 171.00 | 193.02 | 364.02 | OK | |
r-devel-linux-x86_64-fedora-gcc | 1.0.0 | 75.00 | 224.55 | 299.55 | OK | |
r-devel-windows-x86_64 | 1.0.0 | 31.00 | 172.00 | 203.00 | OK | |
r-patched-linux-x86_64 | 1.0.0 | 34.59 | 178.50 | 213.09 | OK | |
r-release-linux-x86_64 | 1.0.0 | 31.40 | 178.12 | 209.52 | OK | |
r-release-macos-arm64 | 1.0.0 | 13.00 | 60.00 | 73.00 | OK | |
r-release-macos-x86_64 | 1.0.0 | 32.00 | 135.00 | 167.00 | OK | |
r-release-windows-x86_64 | 1.0.0 | 33.00 | 175.00 | 208.00 | OK | |
r-oldrel-macos-arm64 | 1.0.0 | 13.00 | 61.00 | 74.00 | OK | |
r-oldrel-macos-x86_64 | 1.0.0 | 25.00 | 119.00 | 144.00 | OK | |
r-oldrel-windows-x86_64 | 1.0.0 | 47.00 | 236.00 | 283.00 | OK |
Version: 1.0.0
Check: Rd files
Result: NOTE
checkRd: (-1) est_irt.Rd:376-382: Only 8 columns allowed in this table (row 1 has 6)
checkRd: (-1) est_irt.Rd:376-382: Only 8 columns allowed in this table (row 2 has 6)
checkRd: (-1) est_irt.Rd:376-382: Only 8 columns allowed in this table (row 3 has 6)
checkRd: (-1) est_irt.Rd:376-382: Only 8 columns allowed in this table (row 4 has 6)
checkRd: (-1) est_irt.Rd:376-382: Only 8 columns allowed in this table (row 5 has 6)
checkRd: (-1) simdat.Rd:107-113: Only 8 columns allowed in this table (row 1 has 6)
checkRd: (-1) simdat.Rd:107-113: Only 8 columns allowed in this table (row 2 has 6)
checkRd: (-1) simdat.Rd:107-113: Only 8 columns allowed in this table (row 3 has 6)
checkRd: (-1) simdat.Rd:107-113: Only 8 columns allowed in this table (row 4 has 6)
checkRd: (-1) simdat.Rd:107-113: Only 8 columns allowed in this table (row 5 has 6)
Flavor: r-devel-linux-x86_64-debian-gcc
These binaries (installable software) and packages are in development.
They may not be fully stable and should be used with caution. We make no claims about them.