Last updated on 2025-02-16 08:50:50 CET.
Flavor | Version | Tinstall | Tcheck | Ttotal | Status | Flags |
---|---|---|---|---|---|---|
r-devel-linux-x86_64-debian-clang | 1.0.3 | 3.57 | 218.49 | 222.06 | NOTE | |
r-devel-linux-x86_64-debian-gcc | 1.0.3 | 2.96 | 149.66 | 152.62 | NOTE | |
r-devel-linux-x86_64-fedora-clang | 1.0.3 | 417.99 | NOTE | |||
r-devel-linux-x86_64-fedora-gcc | 1.0.3 | 395.44 | NOTE | |||
r-devel-macos-arm64 | 1.0.3 | 114.00 | OK | |||
r-devel-macos-x86_64 | 1.0.3 | 226.00 | NOTE | |||
r-devel-windows-x86_64 | 1.0.3 | 6.00 | 271.00 | 277.00 | NOTE | |
r-patched-linux-x86_64 | 1.0.3 | 3.96 | 204.79 | 208.75 | OK | |
r-release-linux-x86_64 | 1.0.3 | 3.78 | 212.73 | 216.51 | OK | |
r-release-macos-arm64 | 1.0.3 | 106.00 | OK | |||
r-release-macos-x86_64 | 1.0.3 | 177.00 | OK | |||
r-release-windows-x86_64 | 1.0.3 | 7.00 | 290.00 | 297.00 | OK | |
r-oldrel-macos-arm64 | 1.0.3 | 108.00 | OK | |||
r-oldrel-macos-x86_64 | 1.0.3 | 456.00 | OK | |||
r-oldrel-windows-x86_64 | 1.0.3 | 7.00 | 306.00 | 313.00 | OK |
Version: 1.0.3
Check: DESCRIPTION meta-information
Result: NOTE
Missing dependency on R >= 4.1.0 because package code uses the pipe
|> or function shorthand \(...) syntax added in R 4.1.0.
File(s) using such syntax:
‘calc.pvalues.R’ ‘helper.R’ ‘hypothesis_templates.R’ ‘irtpwr.R’
‘mml.fit.R’ ‘setup.data.R’
Flavors: r-devel-linux-x86_64-debian-clang, r-devel-linux-x86_64-debian-gcc, r-devel-linux-x86_64-fedora-clang, r-devel-linux-x86_64-fedora-gcc, r-devel-macos-x86_64, r-devel-windows-x86_64
These binaries (installable software) and packages are in development.
They may not be fully stable and should be used with caution. We make no claims about them.