CRAN Package Check Results for Package irtreliability

Last updated on 2025-07-11 13:48:29 CEST.

Flavor Version Tinstall Tcheck Ttotal Status Flags
r-devel-linux-x86_64-debian-clang 0.1-1 13.75 95.30 109.05 NOTE
r-devel-linux-x86_64-debian-gcc 0.1-1 9.48 69.81 79.29 NOTE
r-devel-linux-x86_64-fedora-clang 0.1-1 170.83 OK
r-devel-linux-x86_64-fedora-gcc 0.1-1 157.93 OK
r-devel-windows-x86_64 0.1-1 15.00 94.00 109.00 OK
r-patched-linux-x86_64 0.1-1 12.98 91.26 104.24 OK
r-release-linux-x86_64 0.1-1 13.89 91.19 105.08 OK
r-release-macos-arm64 0.1-1 47.00 OK
r-release-macos-x86_64 0.1-1 90.00 OK
r-release-windows-x86_64 0.1-1 13.00 98.00 111.00 OK
r-oldrel-macos-arm64 0.1-1 40.00 OK
r-oldrel-macos-x86_64 0.1-1 68.00 OK
r-oldrel-windows-x86_64 0.1-1 20.00 118.00 138.00 OK

Check Details

Version: 0.1-1
Check: CRAN incoming feasibility
Result: NOTE Maintainer: ‘Bjorn Andersson <bjoern.h.andersson@gmail.com>’ No Authors@R field in DESCRIPTION. Please add one, modifying Authors@R: person(given = "Bjorn", family = "Andersson", role = c("aut", "cre"), email = "bjoern.h.andersson@gmail.com") as necessary. Flavors: r-devel-linux-x86_64-debian-clang, r-devel-linux-x86_64-debian-gcc

These binaries (installable software) and packages are in development.
They may not be fully stable and should be used with caution. We make no claims about them.