CRAN Package Check Results for Package irtreliability

Last updated on 2025-11-14 13:56:33 CET.

Flavor Version Tinstall Tcheck Ttotal Status Flags
r-devel-linux-x86_64-debian-clang 0.1-1 14.99 95.15 110.14 NOTE
r-devel-linux-x86_64-debian-gcc 0.1-1 9.44 67.51 76.95 NOTE
r-devel-linux-x86_64-fedora-clang 0.1-1 62.00 121.82 183.82 OK
r-devel-linux-x86_64-fedora-gcc 0.1-1 38.00 119.85 157.85 OK
r-devel-windows-x86_64 0.1-1 13.00 96.00 109.00 OK
r-patched-linux-x86_64 0.1-1 10.76 91.13 101.89 OK
r-release-linux-x86_64 0.1-1 13.89 90.95 104.84 OK
r-release-macos-arm64 0.1-1 6.00 41.00 47.00 OK
r-release-macos-x86_64 0.1-1 11.00 79.00 90.00 OK
r-release-windows-x86_64 0.1-1 13.00 94.00 107.00 OK
r-oldrel-macos-arm64 0.1-1 5.00 35.00 40.00 OK
r-oldrel-macos-x86_64 0.1-1 8.00 60.00 68.00 OK
r-oldrel-windows-x86_64 0.1-1 21.00 122.00 143.00 OK

Check Details

Version: 0.1-1
Check: CRAN incoming feasibility
Result: NOTE Maintainer: ‘Bjorn Andersson <bjoern.h.andersson@gmail.com>’ No Authors@R field in DESCRIPTION. Please add one, modifying Authors@R: person(given = "Bjorn", family = "Andersson", role = c("aut", "cre"), email = "bjoern.h.andersson@gmail.com") as necessary. Flavors: r-devel-linux-x86_64-debian-clang, r-devel-linux-x86_64-debian-gcc

These binaries (installable software) and packages are in development.
They may not be fully stable and should be used with caution. We make no claims about them.