CRAN Package Check Results for Package isa2

Last updated on 2025-07-27 03:50:07 CEST.

Flavor Version Tinstall Tcheck Ttotal Status Flags
r-devel-linux-x86_64-debian-clang 0.3.6 3.71 34.32 38.03 NOTE
r-devel-linux-x86_64-debian-gcc 0.3.6 3.14 26.39 29.53 NOTE
r-devel-linux-x86_64-fedora-clang 0.3.6 58.00 OK
r-devel-linux-x86_64-fedora-gcc 0.3.6 54.54 OK
r-devel-windows-x86_64 0.3.6 9.00 59.00 68.00 OK
r-patched-linux-x86_64 0.3.6 5.36 32.61 37.97 OK
r-release-linux-x86_64 0.3.6 4.45 33.04 37.49 OK
r-release-macos-arm64 0.3.6 26.00 OK
r-release-macos-x86_64 0.3.6 37.00 OK
r-release-windows-x86_64 0.3.6 6.00 60.00 66.00 OK
r-oldrel-macos-arm64 0.3.6 22.00 OK
r-oldrel-macos-x86_64 0.3.6 34.00 OK
r-oldrel-windows-x86_64 0.3.6 7.00 70.00 77.00 OK

Check Details

Version: 0.3.6
Check: CRAN incoming feasibility
Result: NOTE Maintainer: ‘Gabor Csardi <csardi.gabor@gmail.com>’ No Authors@R field in DESCRIPTION. Please add one, modifying Authors@R: person(given = "Gabor", family = "Csardi", role = c("aut", "cre"), email = "csardi.gabor@gmail.com") as necessary. Flavors: r-devel-linux-x86_64-debian-clang, r-devel-linux-x86_64-debian-gcc

These binaries (installable software) and packages are in development.
They may not be fully stable and should be used with caution. We make no claims about them.