CRAN Package Check Results for Package isa2

Last updated on 2025-05-08 04:52:08 CEST.

Flavor Version Tinstall Tcheck Ttotal Status Flags
r-devel-linux-x86_64-debian-clang 0.3.6 4.52 34.51 39.03 NOTE
r-devel-linux-x86_64-debian-gcc 0.3.6 2.95 25.28 28.23 NOTE
r-devel-linux-x86_64-fedora-clang 0.3.6 59.79 OK
r-devel-linux-x86_64-fedora-gcc 0.3.6 58.44 OK
r-devel-windows-x86_64 0.3.6 7.00 58.00 65.00 OK
r-patched-linux-x86_64 0.3.6 5.31 32.56 37.87 OK
r-release-linux-x86_64 0.3.6 4.06 33.34 37.40 OK
r-release-macos-arm64 0.3.6 26.00 OK
r-release-macos-x86_64 0.3.6 37.00 OK
r-release-windows-x86_64 0.3.6 8.00 60.00 68.00 OK
r-oldrel-macos-arm64 0.3.6 22.00 OK
r-oldrel-macos-x86_64 0.3.6 34.00 OK
r-oldrel-windows-x86_64 0.3.6 9.00 67.00 76.00 OK

Check Details

Version: 0.3.6
Check: CRAN incoming feasibility
Result: NOTE Maintainer: ‘Gabor Csardi <csardi.gabor@gmail.com>’ No Authors@R field in DESCRIPTION. Please add one, modifying Authors@R: person(given = "Gabor", family = "Csardi", role = c("aut", "cre"), email = "csardi.gabor@gmail.com") as necessary. Flavors: r-devel-linux-x86_64-debian-clang, r-devel-linux-x86_64-debian-gcc

These binaries (installable software) and packages are in development.
They may not be fully stable and should be used with caution. We make no claims about them.