CRAN Package Check Results for Package isingLenzMC

Last updated on 2025-10-10 09:50:32 CEST.

Flavor Version Tinstall Tcheck Ttotal Status Flags
r-devel-linux-x86_64-debian-clang 0.2.8 2.38 24.54 26.92 OK
r-devel-linux-x86_64-debian-gcc 0.2.8 1.95 19.88 21.83 OK
r-devel-linux-x86_64-fedora-clang 0.2.8 41.30 NOTE
r-devel-linux-x86_64-fedora-gcc 0.2.8 49.56 NOTE
r-devel-windows-x86_64 0.2.8 6.00 53.00 59.00 OK
r-patched-linux-x86_64 0.2.8 2.48 22.94 25.42 OK
r-release-linux-x86_64 0.2.8 2.11 23.12 25.23 OK
r-release-macos-arm64 0.2.8 27.00 OK
r-release-macos-x86_64 0.2.8 111.00 OK
r-release-windows-x86_64 0.2.8 6.00 54.00 60.00 OK
r-oldrel-macos-arm64 0.2.8 31.00 OK
r-oldrel-macos-x86_64 0.2.8 93.00 OK
r-oldrel-windows-x86_64 0.2.8 7.00 54.00 61.00 OK

Check Details

Version: 0.2.8
Check: compiled code
Result: NOTE File ‘isingLenzMC/libs/isingLenzMC.so’: Found no calls to: ‘R_registerRoutines’, ‘R_useDynamicSymbols’ It is good practice to register native routines and to disable symbol search. See ‘Writing portable packages’ in the ‘Writing R Extensions’ manual. Flavors: r-devel-linux-x86_64-fedora-clang, r-devel-linux-x86_64-fedora-gcc

These binaries (installable software) and packages are in development.
They may not be fully stable and should be used with caution. We make no claims about them.