Last updated on 2025-02-16 08:50:50 CET.
Flavor | Version | Tinstall | Tcheck | Ttotal | Status | Flags |
---|---|---|---|---|---|---|
r-devel-linux-x86_64-debian-clang | 1.5.2 | 15.32 | 75.07 | 90.39 | NOTE | |
r-devel-linux-x86_64-debian-gcc | 1.5.2 | 10.68 | 54.36 | 65.04 | NOTE | |
r-devel-linux-x86_64-fedora-clang | 1.5.2 | 146.34 | OK | |||
r-devel-linux-x86_64-fedora-gcc | 1.5.2 | 139.05 | OK | |||
r-devel-macos-arm64 | 1.5.2 | 49.00 | OK | |||
r-devel-macos-x86_64 | 1.5.2 | 85.00 | OK | |||
r-devel-windows-x86_64 | 1.5.2 | 21.00 | 92.00 | 113.00 | NOTE | |
r-patched-linux-x86_64 | 1.5.2 | 17.64 | 70.62 | 88.26 | OK | |
r-release-linux-x86_64 | 1.5.2 | 14.25 | 71.73 | 85.98 | OK | |
r-release-macos-arm64 | 1.5.2 | 42.00 | OK | |||
r-release-macos-x86_64 | 1.5.2 | 64.00 | OK | |||
r-release-windows-x86_64 | 1.5.2 | 22.00 | 92.00 | 114.00 | OK | |
r-oldrel-macos-arm64 | 1.5.2 | 51.00 | OK | |||
r-oldrel-macos-x86_64 | 1.5.2 | 103.00 | OK | |||
r-oldrel-windows-x86_64 | 1.5.2 | 25.00 | 114.00 | 139.00 | OK |
Version: 1.5.2
Check: Rd cross-references
Result: NOTE
Found the following Rd file(s) with Rd \link{} targets missing package
anchors:
islasso.Rd: cv.glmnet
Please provide package anchors for all Rd \link{} targets not in the
package itself and the base packages.
Flavors: r-devel-linux-x86_64-debian-clang, r-devel-linux-x86_64-debian-gcc, r-devel-windows-x86_64
These binaries (installable software) and packages are in development.
They may not be fully stable and should be used with caution. We make no claims about them.