Last updated on 2025-05-01 14:49:13 CEST.
Flavor | Version | Tinstall | Tcheck | Ttotal | Status | Flags |
---|---|---|---|---|---|---|
r-devel-linux-x86_64-debian-clang | 1.5.2 | 15.86 | 76.85 | 92.71 | NOTE | |
r-devel-linux-x86_64-debian-gcc | 1.5.2 | 11.16 | 57.19 | 68.35 | NOTE | |
r-devel-linux-x86_64-fedora-clang | 1.5.2 | 139.58 | OK | |||
r-devel-linux-x86_64-fedora-gcc | 1.5.2 | 138.29 | OK | |||
r-devel-windows-x86_64 | 1.5.2 | 22.00 | 98.00 | 120.00 | NOTE | |
r-patched-linux-x86_64 | 1.5.2 | 16.02 | 74.15 | 90.17 | NOTE | |
r-release-linux-x86_64 | NOTE | |||||
r-release-macos-arm64 | 1.5.2 | 60.00 | OK | |||
r-release-macos-x86_64 | 1.5.2 | 88.00 | OK | |||
r-release-windows-x86_64 | 1.5.2 | 22.00 | 101.00 | 123.00 | NOTE | |
r-oldrel-macos-arm64 | 1.5.2 | 42.00 | OK | |||
r-oldrel-macos-x86_64 | 1.5.2 | 64.00 | OK | |||
r-oldrel-windows-x86_64 | 1.5.2 | 24.00 | 110.00 | 134.00 | OK |
Version: 1.5.2
Check: Rd cross-references
Result: NOTE
Found the following Rd file(s) with Rd \link{} targets missing package
anchors:
islasso.Rd: cv.glmnet
Please provide package anchors for all Rd \link{} targets not in the
package itself and the base packages.
Flavors: r-devel-linux-x86_64-debian-clang, r-devel-linux-x86_64-debian-gcc, r-devel-windows-x86_64, r-patched-linux-x86_64, r-release-linux-x86_64, r-release-windows-x86_64
These binaries (installable software) and packages are in development.
They may not be fully stable and should be used with caution. We make no claims about them.