CRAN Package Check Results for Package isoband

Last updated on 2025-05-01 12:49:31 CEST.

Flavor Version Tinstall Tcheck Ttotal Status Flags
r-devel-linux-x86_64-debian-clang 0.2.7 7.67 38.24 45.91 NOTE
r-devel-linux-x86_64-debian-gcc 0.2.7 7.05 29.72 36.77 NOTE
r-devel-linux-x86_64-fedora-clang 0.2.7 78.30 NOTE
r-devel-linux-x86_64-fedora-gcc 0.2.7 86.13 NOTE
r-devel-windows-x86_64 0.2.7 15.00 76.00 91.00 NOTE
r-patched-linux-x86_64 0.2.7 8.05 34.97 43.02 NOTE
r-release-linux-x86_64 NOTE
r-release-macos-arm64 0.2.7 36.00 NOTE
r-release-macos-x86_64 0.2.7 60.00 NOTE
r-release-windows-x86_64 0.2.7 17.00 80.00 97.00 NOTE
r-oldrel-macos-arm64 0.2.7 38.00 NOTE
r-oldrel-macos-x86_64 0.2.7 51.00 NOTE
r-oldrel-windows-x86_64 0.2.7 16.00 85.00 101.00 NOTE

Check Details

Version: 0.2.7
Check: C++ specification
Result: NOTE Specified C++11: please drop specification unless essential Flavors: r-devel-linux-x86_64-debian-clang, r-devel-linux-x86_64-debian-gcc, r-devel-linux-x86_64-fedora-clang, r-devel-linux-x86_64-fedora-gcc, r-devel-windows-x86_64, r-patched-linux-x86_64, r-release-linux-x86_64, r-release-macos-arm64, r-release-macos-x86_64, r-release-windows-x86_64, r-oldrel-macos-arm64, r-oldrel-macos-x86_64, r-oldrel-windows-x86_64

Version: 0.2.7
Check: compiled code
Result: NOTE File ‘isoband/libs/isoband.so’: Found non-API call to R: ‘SETLENGTH’ Compiled code should not call non-API entry points in R. See ‘Writing portable packages’ in the ‘Writing R Extensions’ manual, and section ‘Moving into C API compliance’ for issues with the use of non-API entry points. Flavors: r-devel-linux-x86_64-debian-clang, r-devel-linux-x86_64-debian-gcc, r-devel-linux-x86_64-fedora-clang, r-devel-linux-x86_64-fedora-gcc, r-patched-linux-x86_64, r-release-linux-x86_64, r-release-macos-arm64, r-release-macos-x86_64

Version: 0.2.7
Check: compiled code
Result: NOTE File 'isoband/libs/x64/isoband.dll': Found non-API call to R: 'SETLENGTH' Compiled code should not call non-API entry points in R. See 'Writing portable packages' in the 'Writing R Extensions' manual, and section 'Moving into C API compliance' for issues with the use of non-API entry points. Flavors: r-devel-windows-x86_64, r-release-windows-x86_64

These binaries (installable software) and packages are in development.
They may not be fully stable and should be used with caution. We make no claims about them.