Last updated on 2025-02-23 01:51:42 CET.
Flavor | Version | Tinstall | Tcheck | Ttotal | Status | Flags |
---|---|---|---|---|---|---|
r-devel-linux-x86_64-debian-clang | 0.1.0 | 22.82 | 77.37 | 100.19 | OK | |
r-devel-linux-x86_64-debian-gcc | 0.1.0 | 18.30 | 56.46 | 74.76 | OK | |
r-devel-linux-x86_64-fedora-clang | 0.1.0 | 188.35 | NOTE | |||
r-devel-linux-x86_64-fedora-gcc | 0.1.0 | 174.47 | NOTE | |||
r-devel-macos-arm64 | 0.1.0 | 53.00 | OK | |||
r-devel-macos-x86_64 | 0.1.0 | 91.00 | OK | |||
r-devel-windows-x86_64 | 0.1.0 | 28.00 | 112.00 | 140.00 | OK | |
r-patched-linux-x86_64 | 0.1.0 | 26.37 | 73.35 | 99.72 | OK | |
r-release-linux-x86_64 | 0.1.0 | 27.12 | 73.99 | 101.11 | OK | |
r-release-macos-arm64 | 0.1.0 | 55.00 | OK | |||
r-release-macos-x86_64 | 0.1.0 | 73.00 | OK | |||
r-release-windows-x86_64 | 0.1.0 | 28.00 | 112.00 | 140.00 | OK | |
r-oldrel-macos-arm64 | 0.1.0 | 59.00 | OK | |||
r-oldrel-macos-x86_64 | 0.1.0 | 96.00 | OK | |||
r-oldrel-windows-x86_64 | 0.1.0 | 27.00 | 137.00 | 164.00 | OK |
Version: 0.1.0
Check: dependencies in R code
Result: NOTE
Namespace in Imports field not imported from: ‘Rcpp’
All declared Imports should be used.
Flavors: r-devel-linux-x86_64-fedora-clang, r-devel-linux-x86_64-fedora-gcc
These binaries (installable software) and packages are in development.
They may not be fully stable and should be used with caution. We make no claims about them.