Last updated on 2025-10-23 23:49:33 CEST.
| Flavor | Version | Tinstall | Tcheck | Ttotal | Status | Flags |
|---|---|---|---|---|---|---|
| r-devel-linux-x86_64-debian-clang | 0.1.0 | 27.90 | 81.61 | 109.51 | NOTE | |
| r-devel-linux-x86_64-debian-gcc | 0.1.0 | 17.70 | 60.64 | 78.34 | NOTE | |
| r-devel-linux-x86_64-fedora-clang | 0.1.0 | 69.00 | 104.73 | 173.73 | NOTE | |
| r-devel-linux-x86_64-fedora-gcc | 0.1.0 | 57.00 | 109.35 | 166.35 | NOTE | |
| r-devel-windows-x86_64 | 0.1.0 | 30.00 | 110.00 | 140.00 | OK | |
| r-patched-linux-x86_64 | 0.1.0 | 27.19 | 78.13 | 105.32 | OK | |
| r-release-linux-x86_64 | 0.1.0 | 26.39 | 79.45 | 105.84 | OK | |
| r-release-macos-arm64 | 0.1.0 | 12.00 | 50.00 | 62.00 | OK | |
| r-release-macos-x86_64 | 0.1.0 | 15.00 | 81.00 | 96.00 | OK | |
| r-release-windows-x86_64 | 0.1.0 | 31.00 | 116.00 | 147.00 | OK | |
| r-oldrel-macos-arm64 | 0.1.0 | 13.00 | 42.00 | 55.00 | OK | |
| r-oldrel-macos-x86_64 | 0.1.0 | 12.00 | 61.00 | 73.00 | OK | |
| r-oldrel-windows-x86_64 | 0.1.0 | 38.00 | 143.00 | 181.00 | OK |
Version: 0.1.0
Check: CRAN incoming feasibility
Result: NOTE
Maintainer: ‘Alexander Henzi <henzi.alexander@gmail.com>’
Package CITATION file contains call(s) to old-style citEntry(). Please
use bibentry() instead.
The Description field contains
See Henzi, Ziegel, Gneiting (2020) <arXiv:1909.03725>.
Please refer to arXiv e-prints via their arXiv DOI <doi:10.48550/arXiv.YYMM.NNNNN>.
Flavors: r-devel-linux-x86_64-debian-clang, r-devel-linux-x86_64-debian-gcc
Version: 0.1.0
Check: dependencies in R code
Result: NOTE
Namespace in Imports field not imported from: ‘Rcpp’
All declared Imports should be used.
Flavors: r-devel-linux-x86_64-fedora-clang, r-devel-linux-x86_64-fedora-gcc
These binaries (installable software) and packages are in development.
They may not be fully stable and should be used with caution. We make no claims about them.