Last updated on 2025-05-21 21:49:20 CEST.
Flavor | Version | Tinstall | Tcheck | Ttotal | Status | Flags |
---|---|---|---|---|---|---|
r-devel-linux-x86_64-debian-clang | 1.3.1 | 8.82 | 127.68 | 136.50 | OK | |
r-devel-linux-x86_64-debian-gcc | 1.3.1 | 5.13 | 93.04 | 98.17 | OK | |
r-devel-linux-x86_64-fedora-clang | 1.3.1 | 195.49 | OK | |||
r-devel-linux-x86_64-fedora-gcc | 1.3.1 | 204.50 | OK | |||
r-devel-windows-x86_64 | 1.3.1 | 10.00 | 159.00 | 169.00 | OK | |
r-patched-linux-x86_64 | 1.3.1 | 8.73 | 118.63 | 127.36 | OK | |
r-release-linux-x86_64 | 1.3.1 | 8.40 | 119.95 | 128.35 | OK | |
r-release-macos-arm64 | 1.3.1 | 57.00 | OK | |||
r-release-macos-x86_64 | 1.3.1 | 105.00 | OK | |||
r-release-windows-x86_64 | 1.3.1 | 9.00 | 126.00 | 135.00 | OK | |
r-oldrel-macos-arm64 | 1.3.1 | 68.00 | NOTE | |||
r-oldrel-macos-x86_64 | 1.3.1 | 121.00 | NOTE | |||
r-oldrel-windows-x86_64 | 1.3.1 | 15.00 | 149.00 | 164.00 | NOTE |
Version: 1.3.1
Check: installed package size
Result: NOTE
installed size is 6.2Mb
sub-directories of 1Mb or more:
doc 2.0Mb
extdata 3.3Mb
Flavors: r-oldrel-macos-arm64, r-oldrel-macos-x86_64, r-oldrel-windows-x86_64
These binaries (installable software) and packages are in development.
They may not be fully stable and should be used with caution. We make no claims about them.