CRAN Package Check Results for Package isotonic.pen

Last updated on 2025-07-02 01:51:41 CEST.

Flavor Version Tinstall Tcheck Ttotal Status Flags
r-devel-linux-x86_64-debian-clang 1.0 6.74 55.49 62.23 NOTE
r-devel-linux-x86_64-debian-gcc 1.0 4.98 42.20 47.18 NOTE
r-devel-linux-x86_64-fedora-clang 1.0 92.37 OK
r-devel-linux-x86_64-fedora-gcc 1.0 84.37 OK
r-devel-windows-x86_64 1.0 7.00 67.00 74.00 OK
r-patched-linux-x86_64 OK
r-release-linux-x86_64 1.0 7.11 52.97 60.08 OK
r-release-macos-arm64 1.0 32.00 OK
r-release-macos-x86_64 1.0 54.00 OK
r-release-windows-x86_64 1.0 8.00 74.00 82.00 OK
r-oldrel-macos-arm64 1.0 32.00 OK
r-oldrel-macos-x86_64 1.0 44.00 OK
r-oldrel-windows-x86_64 1.0 9.00 78.00 87.00 OK

Check Details

Version: 1.0
Check: CRAN incoming feasibility
Result: NOTE Maintainer: ‘Mary Meyer <meyer@stat.colostate.edu>’ No Authors@R field in DESCRIPTION. Please add one, modifying Authors@R: c(person(given = c("Mary", "C"), family = "Meyer", role = "aut"), person(given = "Jiwen", family = "Wu", role = "aut"), person(given = c("Jean", "D."), family = "Opsomer", role = "aut"), person(given = "Mary", family = "Meyer", role = "cre", email = "meyer@stat.colostate.edu")) as necessary. Flavors: r-devel-linux-x86_64-debian-clang, r-devel-linux-x86_64-debian-gcc

These binaries (installable software) and packages are in development.
They may not be fully stable and should be used with caution. We make no claims about them.