CRAN Package Check Results for Package isotracer

Last updated on 2025-05-08 04:52:08 CEST.

Flavor Version Tinstall Tcheck Ttotal Status Flags
r-devel-linux-x86_64-debian-clang 1.1.8 327.57 328.20 655.77 OK
r-devel-linux-x86_64-debian-gcc 1.1.8 213.48 248.59 462.07 OK
r-devel-linux-x86_64-fedora-clang 1.1.8 929.74 NOTE
r-devel-linux-x86_64-fedora-gcc 1.1.8 1079.19 NOTE
r-devel-windows-x86_64 1.1.8 240.00 329.00 569.00 OK
r-patched-linux-x86_64 1.1.8 266.24 333.62 599.86 OK
r-release-linux-x86_64 1.1.8 258.09 330.11 588.20 OK
r-release-macos-arm64 1.1.8 223.00 OK
r-release-macos-x86_64 1.1.8 367.00 OK
r-release-windows-x86_64 1.1.8 236.00 329.00 565.00 OK
r-oldrel-macos-arm64 1.1.8 209.00 NOTE
r-oldrel-macos-x86_64 1.1.8 358.00 NOTE
r-oldrel-windows-x86_64 1.1.8 307.00 428.00 735.00 NOTE

Check Details

Version: 1.1.8
Check: dependencies in R code
Result: NOTE Namespace in Imports field not imported from: ‘rstantools’ All declared Imports should be used. Flavors: r-devel-linux-x86_64-fedora-clang, r-devel-linux-x86_64-fedora-gcc

Version: 1.1.8
Check: installed package size
Result: NOTE installed size is 93.5Mb sub-directories of 1Mb or more: data 2.0Mb doc 2.3Mb libs 88.2Mb Flavors: r-oldrel-macos-arm64, r-oldrel-macos-x86_64, r-oldrel-windows-x86_64

Version: 1.1.8
Check: for GNU extensions in Makefiles
Result: NOTE GNU make is a SystemRequirements. Flavors: r-oldrel-macos-arm64, r-oldrel-macos-x86_64, r-oldrel-windows-x86_64

These binaries (installable software) and packages are in development.
They may not be fully stable and should be used with caution. We make no claims about them.