Last updated on 2024-07-27 15:50:21 CEST.
Flavor | Version | Tinstall | Tcheck | Ttotal | Status | Flags |
---|---|---|---|---|---|---|
r-devel-linux-x86_64-debian-clang | 1.1.2 | 11.49 | 55.82 | 67.31 | OK | |
r-devel-linux-x86_64-debian-gcc | 1.1.2 | OK | ||||
r-devel-linux-x86_64-fedora-clang | 1.1.2 | 85.40 | NOTE | |||
r-devel-linux-x86_64-fedora-gcc | 1.1.2 | 81.87 | NOTE | |||
r-devel-windows-x86_64 | 1.1.2 | 14.00 | 67.00 | 81.00 | NOTE | |
r-patched-linux-x86_64 | 1.1.2 | OK | ||||
r-release-linux-x86_64 | 1.1.2 | 7.85 | 52.82 | 60.67 | OK | |
r-release-macos-arm64 | 1.1.2 | 33.00 | NOTE | |||
r-release-macos-x86_64 | 1.1.2 | 50.00 | NOTE | |||
r-release-windows-x86_64 | 1.1.2 | 13.00 | 66.00 | 79.00 | NOTE | |
r-oldrel-macos-arm64 | 1.1.2 | 46.00 | NOTE | |||
r-oldrel-macos-x86_64 | 1.1.2 | 74.00 | NOTE | |||
r-oldrel-windows-x86_64 | 1.1.2 | 17.00 | 71.00 | 88.00 | NOTE |
Version: 1.1.2
Check: installed package size
Result: NOTE
installed size is 5.3Mb
sub-directories of 1Mb or more:
data 5.1Mb
Flavors: r-devel-linux-x86_64-fedora-clang, r-devel-windows-x86_64, r-release-macos-arm64, r-release-macos-x86_64, r-release-windows-x86_64, r-oldrel-macos-arm64, r-oldrel-macos-x86_64, r-oldrel-windows-x86_64
Version: 1.1.2
Check: dependencies in R code
Result: NOTE
Namespace in Imports field not imported from: ‘curl’
All declared Imports should be used.
Flavors: r-devel-linux-x86_64-fedora-clang, r-devel-linux-x86_64-fedora-gcc
Version: 1.1.2
Check: data for non-ASCII characters
Result: NOTE
Note: found 87 marked UTF-8 strings
Flavors: r-devel-linux-x86_64-fedora-clang, r-devel-linux-x86_64-fedora-gcc
These binaries (installable software) and packages are in development.
They may not be fully stable and should be used with caution. We make no claims about them.