Last updated on 2025-02-21 18:52:13 CET.
Flavor | Version | Tinstall | Tcheck | Ttotal | Status | Flags |
---|---|---|---|---|---|---|
r-devel-linux-x86_64-debian-clang | 1.9 | 4.88 | 43.53 | 48.41 | NOTE | |
r-devel-linux-x86_64-debian-gcc | 1.9 | 3.96 | 31.69 | 35.65 | NOTE | |
r-devel-linux-x86_64-fedora-clang | 1.9 | 79.38 | NOTE | |||
r-devel-linux-x86_64-fedora-gcc | 1.9 | 72.47 | NOTE | |||
r-devel-macos-arm64 | 1.9 | 23.00 | OK | |||
r-devel-macos-x86_64 | 1.9 | 52.00 | OK | |||
r-devel-windows-x86_64 | 1.9 | 7.00 | 70.00 | 77.00 | OK | |
r-patched-linux-x86_64 | 1.9 | 5.08 | 42.55 | 47.63 | NOTE | |
r-release-linux-x86_64 | 1.9 | 5.17 | 40.47 | 45.64 | NOTE | |
r-release-macos-arm64 | 1.9 | 24.00 | OK | |||
r-release-macos-x86_64 | 1.9 | 39.00 | OK | |||
r-release-windows-x86_64 | 1.9 | 6.00 | 66.00 | 72.00 | OK | |
r-oldrel-macos-arm64 | 1.9 | 24.00 | OK | |||
r-oldrel-macos-x86_64 | 1.9 | 51.00 | OK | |||
r-oldrel-windows-x86_64 | 1.9 | 8.00 | 77.00 | 85.00 | OK |
Version: 1.9
Check: for non-standard things in the check directory
Result: NOTE
Found the following files/directories:
‘RMTplot.pdf’
Flavors: r-devel-linux-x86_64-debian-clang, r-devel-linux-x86_64-debian-gcc, r-devel-linux-x86_64-fedora-clang, r-devel-linux-x86_64-fedora-gcc, r-patched-linux-x86_64, r-release-linux-x86_64
These binaries (installable software) and packages are in development.
They may not be fully stable and should be used with caution. We make no claims about them.