Last updated on 2025-05-23 15:49:18 CEST.
Flavor | Version | Tinstall | Tcheck | Ttotal | Status | Flags |
---|---|---|---|---|---|---|
r-devel-linux-x86_64-debian-clang | 1.1 | 6.03 | 47.14 | 53.17 | NOTE | |
r-devel-linux-x86_64-debian-gcc | 1.1 | 4.07 | 34.58 | 38.65 | NOTE | |
r-devel-linux-x86_64-fedora-clang | 1.1 | 82.08 | OK | |||
r-devel-linux-x86_64-fedora-gcc | 1.1 | 77.57 | OK | |||
r-devel-windows-x86_64 | 1.1 | 8.00 | 61.00 | 69.00 | OK | |
r-patched-linux-x86_64 | 1.1 | 5.82 | 44.75 | 50.57 | OK | |
r-release-linux-x86_64 | 1.1 | 5.03 | 44.50 | 49.53 | OK | |
r-release-macos-arm64 | 1.1 | 24.00 | OK | |||
r-release-macos-x86_64 | 1.1 | 43.00 | OK | |||
r-release-windows-x86_64 | 1.1 | 7.00 | 62.00 | 69.00 | OK | |
r-oldrel-macos-arm64 | 1.1 | 25.00 | OK | |||
r-oldrel-macos-x86_64 | 1.1 | 35.00 | OK | |||
r-oldrel-windows-x86_64 | 1.1 | 9.00 | 76.00 | 85.00 | OK |
Version: 1.1
Check: CRAN incoming feasibility
Result: NOTE
Maintainer: ‘Cengiz Zopluoglu <cen.zop@gmail.com>’
No Authors@R field in DESCRIPTION.
Please add one, modifying
Authors@R: person(given = "Cengiz",
family = "Zopluoglu",
role = c("aut", "cre"),
email = "cen.zop@gmail.com")
as necessary.
Flavors: r-devel-linux-x86_64-debian-clang, r-devel-linux-x86_64-debian-gcc
These binaries (installable software) and packages are in development.
They may not be fully stable and should be used with caution. We make no claims about them.