Last updated on 2025-07-26 07:50:25 CEST.
Flavor | Version | Tinstall | Tcheck | Ttotal | Status | Flags |
---|---|---|---|---|---|---|
r-devel-linux-x86_64-debian-clang | 1.1 | 6.25 | 47.58 | 53.83 | NOTE | |
r-devel-linux-x86_64-debian-gcc | 1.1 | 4.63 | 34.45 | 39.08 | NOTE | |
r-devel-linux-x86_64-fedora-clang | 1.1 | 79.08 | OK | |||
r-devel-linux-x86_64-fedora-gcc | 1.1 | 79.84 | OK | |||
r-devel-windows-x86_64 | 1.1 | 8.00 | 70.00 | 78.00 | OK | |
r-patched-linux-x86_64 | 1.1 | 4.97 | 44.53 | 49.50 | OK | |
r-release-linux-x86_64 | 1.1 | 5.48 | 44.09 | 49.57 | OK | |
r-release-macos-arm64 | 1.1 | 24.00 | OK | |||
r-release-macos-x86_64 | 1.1 | 43.00 | OK | |||
r-release-windows-x86_64 | 1.1 | 8.00 | 62.00 | 70.00 | OK | |
r-oldrel-macos-arm64 | 1.1 | 25.00 | OK | |||
r-oldrel-macos-x86_64 | 1.1 | 35.00 | OK | |||
r-oldrel-windows-x86_64 | 1.1 | 10.00 | 73.00 | 83.00 | OK |
Version: 1.1
Check: CRAN incoming feasibility
Result: NOTE
Maintainer: ‘Cengiz Zopluoglu <cen.zop@gmail.com>’
No Authors@R field in DESCRIPTION.
Please add one, modifying
Authors@R: person(given = "Cengiz",
family = "Zopluoglu",
role = c("aut", "cre"),
email = "cen.zop@gmail.com")
as necessary.
Flavors: r-devel-linux-x86_64-debian-clang, r-devel-linux-x86_64-debian-gcc
These binaries (installable software) and packages are in development.
They may not be fully stable and should be used with caution. We make no claims about them.