Last updated on 2025-05-01 08:52:36 CEST.
Flavor | Version | Tinstall | Tcheck | Ttotal | Status | Flags |
---|---|---|---|---|---|---|
r-devel-linux-x86_64-debian-clang | 1.0 | 5.61 | 98.72 | 104.33 | NOTE | |
r-devel-linux-x86_64-debian-gcc | 1.0 | 4.20 | 71.22 | 75.42 | NOTE | |
r-devel-linux-x86_64-fedora-clang | 1.0 | 163.80 | NOTE | |||
r-devel-linux-x86_64-fedora-gcc | 1.0 | 176.78 | NOTE | |||
r-devel-windows-x86_64 | 1.0 | 7.00 | 132.00 | 139.00 | NOTE | |
r-patched-linux-x86_64 | 1.0 | 5.63 | 94.37 | 100.00 | NOTE | |
r-release-linux-x86_64 | NOTE | |||||
r-release-macos-arm64 | 1.0 | 60.00 | NOTE | |||
r-release-macos-x86_64 | 1.0 | 105.00 | NOTE | |||
r-release-windows-x86_64 | 1.0 | 9.00 | 139.00 | 148.00 | NOTE | |
r-oldrel-macos-arm64 | 1.0 | 61.00 | OK | |||
r-oldrel-macos-x86_64 | 1.0 | 102.00 | OK | |||
r-oldrel-windows-x86_64 | 1.0 | 7.00 | 150.00 | 157.00 | OK |
Version: 1.0
Check: DESCRIPTION meta-information
Result: NOTE
Missing dependency on R >= 4.1.0 because package code uses the pipe
|> or function shorthand \(...) syntax added in R 4.1.0.
File(s) using such syntax:
‘iRNGStream.R’ ‘r_to_py.iteror.Rd’
Flavors: r-devel-linux-x86_64-debian-clang, r-devel-linux-x86_64-debian-gcc, r-devel-linux-x86_64-fedora-clang, r-devel-linux-x86_64-fedora-gcc, r-devel-windows-x86_64, r-patched-linux-x86_64, r-release-linux-x86_64, r-release-macos-arm64, r-release-macos-x86_64, r-release-windows-x86_64
These binaries (installable software) and packages are in development.
They may not be fully stable and should be used with caution. We make no claims about them.