CRAN Package Check Results for Package its.analysis

Last updated on 2025-07-05 15:50:03 CEST.

Flavor Version Tinstall Tcheck Ttotal Status Flags
r-devel-linux-x86_64-debian-clang 1.6.0 7.49 67.91 75.40 NOTE
r-devel-linux-x86_64-debian-gcc 1.6.0 4.81 48.16 52.97 NOTE
r-devel-linux-x86_64-fedora-clang 1.6.0 114.32 OK
r-devel-linux-x86_64-fedora-gcc 1.6.0 107.32 OK
r-devel-windows-x86_64 1.6.0 9.00 81.00 90.00 OK
r-patched-linux-x86_64 1.6.0 7.24 63.94 71.18 OK
r-release-linux-x86_64 1.6.0 6.42 62.43 68.85 OK
r-release-macos-arm64 1.6.0 31.00 OK
r-release-macos-x86_64 1.6.0 58.00 OK
r-release-windows-x86_64 1.6.0 9.00 80.00 89.00 OK
r-oldrel-macos-arm64 1.6.0 33.00 NOTE
r-oldrel-macos-x86_64 1.6.0 46.00 NOTE
r-oldrel-windows-x86_64 1.6.0 11.00 98.00 109.00 NOTE

Check Details

Version: 1.6.0
Check: CRAN incoming feasibility
Result: NOTE Maintainer: ‘Patrick English <p.english@exeter.ac.uk>’ No Authors@R field in DESCRIPTION. Please add one, modifying Authors@R: person(given = "Patrick", family = "English", role = c("aut", "cre"), email = "p.english@exeter.ac.uk") as necessary. Flavors: r-devel-linux-x86_64-debian-clang, r-devel-linux-x86_64-debian-gcc

Version: 1.6.0
Check: LazyData
Result: NOTE 'LazyData' is specified without a 'data' directory Flavors: r-oldrel-macos-arm64, r-oldrel-macos-x86_64, r-oldrel-windows-x86_64

These binaries (installable software) and packages are in development.
They may not be fully stable and should be used with caution. We make no claims about them.