Last updated on 2025-02-16 08:50:50 CET.
Flavor | Version | Tinstall | Tcheck | Ttotal | Status | Flags |
---|---|---|---|---|---|---|
r-devel-linux-x86_64-debian-clang | 1.6.0 | 6.69 | 61.03 | 67.72 | OK | |
r-devel-linux-x86_64-debian-gcc | 1.6.0 | 5.00 | 44.88 | 49.88 | OK | |
r-devel-linux-x86_64-fedora-clang | 1.6.0 | 109.31 | OK | |||
r-devel-linux-x86_64-fedora-gcc | 1.6.0 | 100.90 | OK | |||
r-devel-macos-arm64 | 1.6.0 | 32.00 | OK | |||
r-devel-macos-x86_64 | 1.6.0 | 58.00 | OK | |||
r-devel-windows-x86_64 | 1.6.0 | 7.00 | 78.00 | 85.00 | OK | |
r-patched-linux-x86_64 | 1.6.0 | 6.65 | 56.19 | 62.84 | NOTE | |
r-release-linux-x86_64 | 1.6.0 | 6.15 | 55.75 | 61.90 | NOTE | |
r-release-macos-arm64 | 1.6.0 | 33.00 | NOTE | |||
r-release-macos-x86_64 | 1.6.0 | 46.00 | NOTE | |||
r-release-windows-x86_64 | 1.6.0 | 8.00 | 78.00 | 86.00 | NOTE | |
r-oldrel-macos-arm64 | 1.6.0 | 32.00 | NOTE | |||
r-oldrel-macos-x86_64 | 1.6.0 | 51.00 | NOTE | |||
r-oldrel-windows-x86_64 | 1.6.0 | 10.00 | 88.00 | 98.00 | NOTE |
Version: 1.6.0
Check: LazyData
Result: NOTE
'LazyData' is specified without a 'data' directory
Flavors: r-patched-linux-x86_64, r-release-linux-x86_64, r-release-macos-arm64, r-release-macos-x86_64, r-release-windows-x86_64, r-oldrel-macos-arm64, r-oldrel-macos-x86_64, r-oldrel-windows-x86_64
These binaries (installable software) and packages are in development.
They may not be fully stable and should be used with caution. We make no claims about them.