Last updated on 2025-05-01 15:49:34 CEST.
Flavor | Version | Tinstall | Tcheck | Ttotal | Status | Flags |
---|---|---|---|---|---|---|
r-devel-linux-x86_64-debian-clang | 1.6.0 | 6.54 | 68.00 | 74.54 | NOTE | |
r-devel-linux-x86_64-debian-gcc | 1.6.0 | 5.05 | 47.92 | 52.97 | NOTE | |
r-devel-linux-x86_64-fedora-clang | 1.6.0 | 107.12 | OK | |||
r-devel-linux-x86_64-fedora-gcc | 1.6.0 | 99.81 | OK | |||
r-devel-windows-x86_64 | 1.6.0 | 10.00 | 82.00 | 92.00 | OK | |
r-patched-linux-x86_64 | 1.6.0 | 6.54 | 62.86 | 69.40 | OK | |
r-release-linux-x86_64 | OK | |||||
r-release-macos-arm64 | 1.6.0 | 31.00 | OK | |||
r-release-macos-x86_64 | 1.6.0 | 58.00 | OK | |||
r-release-windows-x86_64 | 1.6.0 | 9.00 | 80.00 | 89.00 | OK | |
r-oldrel-macos-arm64 | 1.6.0 | 33.00 | NOTE | |||
r-oldrel-macos-x86_64 | 1.6.0 | 46.00 | NOTE | |||
r-oldrel-windows-x86_64 | 1.6.0 | 11.00 | 97.00 | 108.00 | NOTE |
Version: 1.6.0
Check: CRAN incoming feasibility
Result: NOTE
Maintainer: ‘Patrick English <p.english@exeter.ac.uk>’
No Authors@R field in DESCRIPTION.
Please add one, modifying
Authors@R: person(given = "Patrick",
family = "English",
role = c("aut", "cre"),
email = "p.english@exeter.ac.uk")
as necessary.
Flavors: r-devel-linux-x86_64-debian-clang, r-devel-linux-x86_64-debian-gcc
Version: 1.6.0
Check: examples
Result: NOTE
Examples with CPU (user + system) or elapsed time > 5s
user system elapsed
itsa.model 6.749 0.168 8.739
Flavor: r-devel-linux-x86_64-debian-clang
Version: 1.6.0
Check: LazyData
Result: NOTE
'LazyData' is specified without a 'data' directory
Flavors: r-oldrel-macos-arm64, r-oldrel-macos-x86_64, r-oldrel-windows-x86_64
These binaries (installable software) and packages are in development.
They may not be fully stable and should be used with caution. We make no claims about them.