Last updated on 2025-11-13 17:50:37 CET.
| Flavor | Version | Tinstall | Tcheck | Ttotal | Status | Flags |
|---|---|---|---|---|---|---|
| r-devel-linux-x86_64-debian-clang | 1.6.0 | 7.87 | 79.68 | 87.55 | NOTE | |
| r-devel-linux-x86_64-debian-gcc | 1.6.0 | 6.65 | 57.73 | 64.38 | NOTE | |
| r-devel-linux-x86_64-fedora-clang | 1.6.0 | 35.00 | 98.22 | 133.22 | OK | |
| r-devel-linux-x86_64-fedora-gcc | 1.6.0 | 24.00 | 96.91 | 120.91 | OK | |
| r-devel-windows-x86_64 | 1.6.0 | 10.00 | 85.00 | 95.00 | OK | |
| r-patched-linux-x86_64 | 1.6.0 | 8.51 | 72.84 | 81.35 | OK | |
| r-release-linux-x86_64 | 1.6.0 | 7.78 | 73.43 | 81.21 | OK | |
| r-release-macos-arm64 | 1.6.0 | 3.00 | 28.00 | 31.00 | OK | |
| r-release-macos-x86_64 | 1.6.0 | 6.00 | 52.00 | 58.00 | OK | |
| r-release-windows-x86_64 | 1.6.0 | 10.00 | 86.00 | 96.00 | OK | |
| r-oldrel-macos-arm64 | 1.6.0 | 3.00 | 30.00 | 33.00 | NOTE | |
| r-oldrel-macos-x86_64 | 1.6.0 | 4.00 | 42.00 | 46.00 | NOTE | |
| r-oldrel-windows-x86_64 | 1.6.0 | 13.00 | 106.00 | 119.00 | NOTE |
Version: 1.6.0
Check: CRAN incoming feasibility
Result: NOTE
Maintainer: ‘Patrick English <p.english@exeter.ac.uk>’
No Authors@R field in DESCRIPTION.
Please add one, modifying
Authors@R: person(given = "Patrick",
family = "English",
role = c("aut", "cre"),
email = "p.english@exeter.ac.uk")
as necessary.
Flavors: r-devel-linux-x86_64-debian-clang, r-devel-linux-x86_64-debian-gcc
Version: 1.6.0
Check: LazyData
Result: NOTE
'LazyData' is specified without a 'data' directory
Flavors: r-oldrel-macos-arm64, r-oldrel-macos-x86_64, r-oldrel-windows-x86_64
These binaries (installable software) and packages are in development.
They may not be fully stable and should be used with caution. We make no claims about them.