Last updated on 2025-02-16 08:50:50 CET.
Flavor | Version | Tinstall | Tcheck | Ttotal | Status | Flags |
---|---|---|---|---|---|---|
r-devel-linux-x86_64-debian-clang | 0.0.0.1 | 1.94 | 18.69 | 20.63 | NOTE | |
r-devel-linux-x86_64-debian-gcc | 0.0.0.1 | 1.65 | 15.26 | 16.91 | NOTE | |
r-devel-linux-x86_64-fedora-clang | 0.0.0.1 | 35.69 | NOTE | |||
r-devel-linux-x86_64-fedora-gcc | 0.0.0.1 | 33.48 | NOTE | |||
r-devel-macos-arm64 | 0.0.0.1 | 18.00 | OK | |||
r-devel-macos-x86_64 | 0.0.0.1 | 26.00 | NOTE | |||
r-devel-windows-x86_64 | 0.0.0.1 | 3.00 | 41.00 | 44.00 | NOTE | |
r-patched-linux-x86_64 | 0.0.0.1 | 1.94 | 17.95 | 19.89 | NOTE | |
r-release-linux-x86_64 | 0.0.0.1 | 1.84 | 17.75 | 19.59 | NOTE | |
r-release-macos-arm64 | 0.0.0.1 | 19.00 | NOTE | |||
r-release-macos-x86_64 | 0.0.0.1 | 24.00 | NOTE | |||
r-release-windows-x86_64 | 0.0.0.1 | 4.00 | 45.00 | 49.00 | NOTE | |
r-oldrel-macos-arm64 | 0.0.0.1 | 25.00 | NOTE | |||
r-oldrel-macos-x86_64 | 0.0.0.1 | 27.00 | NOTE | |||
r-oldrel-windows-x86_64 | 0.0.0.1 | 4.00 | 49.00 | 53.00 | NOTE |
Version: 0.0.0.1
Check: DESCRIPTION meta-information
Result: NOTE
Missing dependency on R >= 4.1.0 because package code uses the pipe
|> or function shorthand \(...) syntax added in R 4.1.0.
File(s) using such syntax:
‘get_conservation_status.R’ ‘get_vernacularname.R’
Flavors: r-devel-linux-x86_64-debian-clang, r-devel-linux-x86_64-debian-gcc, r-devel-linux-x86_64-fedora-clang, r-devel-linux-x86_64-fedora-gcc, r-devel-macos-x86_64, r-devel-windows-x86_64
Version: 0.0.0.1
Check: package dependencies
Result: NOTE
Package suggested but not available for checking: ‘iucnrdata’
Flavors: r-patched-linux-x86_64, r-release-linux-x86_64, r-release-macos-arm64, r-release-macos-x86_64, r-release-windows-x86_64, r-oldrel-macos-arm64, r-oldrel-macos-x86_64, r-oldrel-windows-x86_64
These binaries (installable software) and packages are in development.
They may not be fully stable and should be used with caution. We make no claims about them.