Last updated on 2025-11-27 13:48:39 CET.
| Flavor | Version | Tinstall | Tcheck | Ttotal | Status | Flags |
|---|---|---|---|---|---|---|
| r-devel-linux-x86_64-debian-clang | 0.0.2 | 6.75 | 95.42 | 102.17 | OK | |
| r-devel-linux-x86_64-debian-gcc | 0.0.2 | 5.25 | 69.02 | 74.27 | OK | |
| r-devel-linux-x86_64-fedora-clang | 0.0.2 | 41.00 | 135.79 | 176.79 | OK | |
| r-devel-linux-x86_64-fedora-gcc | 0.0.2 | 14.00 | 138.30 | 152.30 | OK | |
| r-devel-windows-x86_64 | 0.0.1 | 14.00 | 113.00 | 127.00 | OK | |
| r-patched-linux-x86_64 | 0.0.2 | 6.17 | 89.06 | 95.23 | OK | |
| r-release-linux-x86_64 | 0.0.2 | 7.02 | 87.74 | 94.76 | OK | |
| r-release-macos-arm64 | 0.0.1 | 3.00 | 21.00 | 24.00 | OK | |
| r-release-macos-x86_64 | 0.0.2 | 7.00 | 89.00 | 96.00 | OK | |
| r-release-windows-x86_64 | 0.0.1 | 9.00 | 106.00 | 115.00 | OK | |
| r-oldrel-macos-arm64 | 0.0.2 | 2.00 | 26.00 | 28.00 | NOTE | |
| r-oldrel-macos-x86_64 | 0.0.2 | 10.00 | 110.00 | 120.00 | NOTE | |
| r-oldrel-windows-x86_64 | 0.0.2 | 12.00 | 127.00 | 139.00 | NOTE |
Version: 0.0.2
Check: installed package size
Result: NOTE
installed size is 7.1Mb
sub-directories of 1Mb or more:
doc 6.6Mb
Flavors: r-oldrel-macos-arm64, r-oldrel-macos-x86_64, r-oldrel-windows-x86_64
These binaries (installable software) and packages are in development.
They may not be fully stable and should be used with caution. We make no claims about them.