Last updated on 2025-10-09 21:50:20 CEST.
Flavor | Version | Tinstall | Tcheck | Ttotal | Status | Flags |
---|---|---|---|---|---|---|
r-devel-linux-x86_64-debian-clang | 0.0.1 | 7.24 | 94.01 | 101.25 | OK | |
r-devel-linux-x86_64-debian-gcc | 0.0.1 | 4.95 | 67.49 | 72.44 | OK | |
r-devel-linux-x86_64-fedora-clang | 0.0.1 | 162.49 | OK | |||
r-devel-linux-x86_64-fedora-gcc | 0.0.1 | 175.25 | OK | |||
r-devel-windows-x86_64 | 0.0.1 | 9.00 | 110.00 | 119.00 | OK | |
r-patched-linux-x86_64 | 0.0.1 | 6.90 | 91.46 | 98.36 | OK | |
r-release-linux-x86_64 | 0.0.1 | 6.35 | 90.20 | 96.55 | OK | |
r-release-macos-arm64 | 0.0.1 | 43.00 | OK | |||
r-release-macos-x86_64 | 0.0.1 | 104.00 | OK | |||
r-release-windows-x86_64 | 0.0.1 | 11.00 | 110.00 | 121.00 | OK | |
r-oldrel-macos-arm64 | 0.0.1 | 47.00 | NOTE | |||
r-oldrel-macos-x86_64 | 0.0.1 | 98.00 | NOTE | |||
r-oldrel-windows-x86_64 | 0.0.1 | 14.00 | 138.00 | 152.00 | NOTE |
Version: 0.0.1
Check: installed package size
Result: NOTE
installed size is 7.0Mb
sub-directories of 1Mb or more:
doc 6.5Mb
Flavors: r-oldrel-macos-arm64, r-oldrel-macos-x86_64, r-oldrel-windows-x86_64
These binaries (installable software) and packages are in development.
They may not be fully stable and should be used with caution. We make no claims about them.