Last updated on 2025-05-07 15:49:19 CEST.
Flavor | Version | Tinstall | Tcheck | Ttotal | Status | Flags |
---|---|---|---|---|---|---|
r-devel-linux-x86_64-debian-clang | 2.1.0 | 40.74 | 26.52 | 67.26 | NOTE | |
r-devel-linux-x86_64-debian-gcc | 2.1.0 | 19.28 | 20.33 | 39.61 | NOTE | |
r-devel-linux-x86_64-fedora-clang | 2.1.0 | 110.44 | NOTE | |||
r-devel-linux-x86_64-fedora-gcc | 2.1.0 | 100.41 | NOTE | |||
r-devel-windows-x86_64 | 2.1.0 | 32.00 | 66.00 | 98.00 | NOTE | |
r-patched-linux-x86_64 | 2.1.0 | 27.15 | 25.37 | 52.52 | NOTE | |
r-release-linux-x86_64 | 2.1.0 | 31.00 | 25.60 | 56.60 | NOTE | |
r-release-macos-arm64 | 2.1.0 | 33.00 | NOTE | |||
r-release-macos-x86_64 | 2.1.0 | 46.00 | NOTE | |||
r-release-windows-x86_64 | 2.1.0 | 32.00 | 66.00 | 98.00 | NOTE | |
r-oldrel-macos-arm64 | 2.1.0 | 29.00 | NOTE | |||
r-oldrel-macos-x86_64 | 2.1.0 | 33.00 | NOTE | |||
r-oldrel-windows-x86_64 | 2.1.0 | 37.00 | 78.00 | 115.00 | NOTE |
Version: 2.1.0
Check: CRAN incoming feasibility
Result: NOTE
Maintainer: ‘Andrew Ying <aying9339@gmail.com>’
No Authors@R field in DESCRIPTION.
Please add one, modifying
Authors@R: person(given = "Andrew",
family = "Ying",
role = c("aut", "cre"),
email = "aying9339@gmail.com")
as necessary.
Flavors: r-devel-linux-x86_64-debian-clang, r-devel-linux-x86_64-debian-gcc
Version: 2.1.0
Check: C++ specification
Result: NOTE
Specified C++11: please drop specification unless essential
Flavors: r-devel-linux-x86_64-debian-clang, r-devel-linux-x86_64-debian-gcc, r-devel-linux-x86_64-fedora-clang, r-devel-linux-x86_64-fedora-gcc, r-devel-windows-x86_64, r-patched-linux-x86_64, r-release-linux-x86_64, r-release-macos-arm64, r-release-macos-x86_64, r-release-windows-x86_64, r-oldrel-macos-arm64, r-oldrel-macos-x86_64, r-oldrel-windows-x86_64
These binaries (installable software) and packages are in development.
They may not be fully stable and should be used with caution. We make no claims about them.