Last updated on 2025-02-16 08:50:50 CET.
Flavor | Version | Tinstall | Tcheck | Ttotal | Status | Flags |
---|---|---|---|---|---|---|
r-devel-linux-x86_64-debian-clang | 2.1.0 | 43.02 | 26.25 | 69.27 | NOTE | |
r-devel-linux-x86_64-debian-gcc | 2.1.0 | 19.06 | 20.19 | 39.25 | NOTE | |
r-devel-linux-x86_64-fedora-clang | 2.1.0 | 99.96 | NOTE | |||
r-devel-linux-x86_64-fedora-gcc | 2.1.0 | 101.40 | NOTE | |||
r-devel-macos-arm64 | 2.1.0 | 30.00 | NOTE | |||
r-devel-macos-x86_64 | 2.1.0 | 43.00 | NOTE | |||
r-devel-windows-x86_64 | 2.1.0 | 26.00 | 76.00 | 102.00 | NOTE | |
r-patched-linux-x86_64 | 2.1.0 | 28.23 | 25.48 | 53.71 | NOTE | |
r-release-linux-x86_64 | 2.1.0 | 29.53 | 25.02 | 54.55 | NOTE | |
r-release-macos-arm64 | 2.1.0 | 29.00 | NOTE | |||
r-release-macos-x86_64 | 2.1.0 | 33.00 | NOTE | |||
r-release-windows-x86_64 | 2.1.0 | 29.00 | 73.00 | 102.00 | NOTE | |
r-oldrel-macos-arm64 | 2.1.0 | 28.00 | NOTE | |||
r-oldrel-macos-x86_64 | 2.1.0 | 42.00 | NOTE | |||
r-oldrel-windows-x86_64 | 2.1.0 | 37.00 | 75.00 | 112.00 | NOTE |
Version: 2.1.0
Check: C++ specification
Result: NOTE
Specified C++11: please drop specification unless essential
Flavors: r-devel-linux-x86_64-debian-clang, r-devel-linux-x86_64-debian-gcc, r-devel-linux-x86_64-fedora-clang, r-devel-linux-x86_64-fedora-gcc, r-devel-macos-arm64, r-devel-macos-x86_64, r-devel-windows-x86_64, r-patched-linux-x86_64, r-release-linux-x86_64, r-release-macos-arm64, r-release-macos-x86_64, r-release-windows-x86_64, r-oldrel-macos-arm64, r-oldrel-macos-x86_64, r-oldrel-windows-x86_64
These binaries (installable software) and packages are in development.
They may not be fully stable and should be used with caution. We make no claims about them.