CRAN Package Check Results for Package ivx

Last updated on 2025-10-23 11:50:17 CEST.

Flavor Version Tinstall Tcheck Ttotal Status Flags
r-devel-linux-x86_64-debian-clang 1.1.1 33.20 48.52 81.72 NOTE
r-devel-linux-x86_64-debian-gcc 1.1.1 21.78 36.16 57.94 OK
r-devel-linux-x86_64-fedora-clang 1.1.1 83.00 46.09 129.09 OK
r-devel-linux-x86_64-fedora-gcc 1.1.1 68.00 54.06 122.06 OK
r-devel-windows-x86_64 1.1.1 38.00 84.00 122.00 OK
r-patched-linux-x86_64 1.1.1 29.64 44.85 74.49 OK
r-release-linux-x86_64 1.1.1 28.69 44.29 72.98 OK
r-release-macos-arm64 1.1.1 16.00 27.00 43.00 OK
r-release-macos-x86_64 1.1.1 24.00 54.00 78.00 OK
r-release-windows-x86_64 1.1.1 37.00 80.00 117.00 OK
r-oldrel-macos-arm64 1.1.1 16.00 32.00 48.00 OK
r-oldrel-macos-x86_64 1.1.1 24.00 45.00 69.00 OK
r-oldrel-windows-x86_64 1.1.1 43.00 99.00 142.00 OK

Check Details

Version: 1.1.1
Check: HTML version of manual
Result: NOTE Found the following HTML validation problems: extract.ivx.html:97:1 (extract.ivx.Rd:48): Warning: missing </ul> before </div> Flavor: r-devel-linux-x86_64-debian-clang

These binaries (installable software) and packages are in development.
They may not be fully stable and should be used with caution. We make no claims about them.