CRAN Package Check Results for Package ixplorer

Last updated on 2025-10-23 11:50:17 CEST.

Flavor Version Tinstall Tcheck Ttotal Status Flags
r-devel-linux-x86_64-debian-clang 0.2.2 6.89 68.68 75.57 NOTE
r-devel-linux-x86_64-debian-gcc 0.2.2 4.49 52.45 56.94 OK
r-devel-linux-x86_64-fedora-clang 0.2.2 20.00 98.11 118.11 OK
r-devel-linux-x86_64-fedora-gcc 0.2.2 17.00 100.35 117.35 OK
r-devel-windows-x86_64 0.2.2 10.00 90.00 100.00 OK
r-patched-linux-x86_64 0.2.2 7.61 63.62 71.23 OK
r-release-linux-x86_64 0.2.2 6.26 63.71 69.97 OK
r-release-macos-arm64 0.2.2 3.00 39.00 42.00 OK
r-release-macos-x86_64 0.2.2 6.00 77.00 83.00 OK
r-release-windows-x86_64 0.2.2 13.00 89.00 102.00 OK
r-oldrel-macos-arm64 0.2.2 4.00 46.00 50.00 OK
r-oldrel-macos-x86_64 0.2.2 5.00 61.00 66.00 OK
r-oldrel-windows-x86_64 0.2.2 13.00 106.00 119.00 OK

Check Details

Version: 0.2.2
Check: HTML version of manual
Result: NOTE Found the following HTML validation problems: verify_ixurl.html:46:1 (verify_ixurl.Rd:10): Warning: missing </ul> before </div> Flavor: r-devel-linux-x86_64-debian-clang

These binaries (installable software) and packages are in development.
They may not be fully stable and should be used with caution. We make no claims about them.