CRAN Package Check Results for Package jScore

Last updated on 2025-10-03 11:50:48 CEST.

Flavor Version Tinstall Tcheck Ttotal Status Flags
r-devel-linux-x86_64-debian-clang 0.1.0 1.44 23.91 25.35 NOTE
r-devel-linux-x86_64-debian-gcc 0.1.0 1.13 19.85 20.98 NOTE
r-devel-linux-x86_64-fedora-clang 0.1.0 36.17 OK
r-devel-linux-x86_64-fedora-gcc 0.1.0 51.55 OK
r-devel-windows-x86_64 0.1.0 3.00 48.00 51.00 OK
r-patched-linux-x86_64 0.1.0 1.61 22.97 24.58 OK
r-release-linux-x86_64 0.1.0 1.31 22.84 24.15 OK
r-release-macos-arm64 0.1.0 24.00 OK
r-release-macos-x86_64 0.1.0 47.00 OK
r-release-windows-x86_64 0.1.0 4.00 49.00 53.00 OK
r-oldrel-macos-arm64 0.1.0 24.00 OK
r-oldrel-macos-x86_64 0.1.0 33.00 OK
r-oldrel-windows-x86_64 0.1.0 4.00 53.00 57.00 OK

Check Details

Version: 0.1.0
Check: CRAN incoming feasibility
Result: NOTE Maintainer: ‘Navid Ahmadinejad <navidfr@asu.edu>’ The Description field contains <arXiv:2109.01306>. Please refer to arXiv e-prints via their arXiv DOI <doi:10.48550/arXiv.YYMM.NNNNN>. Flavors: r-devel-linux-x86_64-debian-clang, r-devel-linux-x86_64-debian-gcc

These binaries (installable software) and packages are in development.
They may not be fully stable and should be used with caution. We make no claims about them.