Last updated on 2025-05-08 04:52:08 CEST.
Flavor | Version | Tinstall | Tcheck | Ttotal | Status | Flags |
---|---|---|---|---|---|---|
r-devel-linux-x86_64-debian-clang | 1.0.3 | 1.62 | 17.98 | 19.60 | NOTE | |
r-devel-linux-x86_64-debian-gcc | 1.0.3 | 1.18 | 14.72 | 15.90 | NOTE | |
r-devel-linux-x86_64-fedora-clang | 1.0.3 | 28.95 | OK | |||
r-devel-linux-x86_64-fedora-gcc | 1.0.3 | 28.21 | OK | |||
r-devel-windows-x86_64 | 1.0.3 | 2.00 | 38.00 | 40.00 | OK | |
r-patched-linux-x86_64 | 1.0.3 | 1.45 | 16.42 | 17.87 | OK | |
r-release-linux-x86_64 | 1.0.3 | 1.59 | 16.28 | 17.87 | OK | |
r-release-macos-arm64 | 1.0.3 | 14.00 | OK | |||
r-release-macos-x86_64 | 1.0.3 | 22.00 | OK | |||
r-release-windows-x86_64 | 1.0.3 | 4.00 | 41.00 | 45.00 | OK | |
r-oldrel-macos-arm64 | 1.0.3 | 13.00 | OK | |||
r-oldrel-macos-x86_64 | 1.0.3 | 19.00 | OK | |||
r-oldrel-windows-x86_64 | 1.0.3 | 3.00 | 43.00 | 46.00 | OK |
Version: 1.0.3
Check: CRAN incoming feasibility
Result: NOTE
Maintainer: ‘Irucka Embry <iembry@ecoccs.com>’
No Authors@R field in DESCRIPTION.
Please add one, modifying
Authors@R: person(given = "Irucka",
family = "Embry",
role = c("aut", "cre"),
email = "iembry@ecoccs.com")
as necessary.
Flavors: r-devel-linux-x86_64-debian-clang, r-devel-linux-x86_64-debian-gcc
These binaries (installable software) and packages are in development.
They may not be fully stable and should be used with caution. We make no claims about them.