Last updated on 2024-07-27 15:50:21 CEST.
Flavor | Version | Tinstall | Tcheck | Ttotal | Status | Flags |
---|---|---|---|---|---|---|
r-devel-linux-x86_64-debian-clang | 6.0.0 | 281.90 | 276.99 | 558.89 | OK | |
r-devel-linux-x86_64-debian-gcc | 6.0.0 | OK | ||||
r-devel-linux-x86_64-fedora-clang | 6.0.0 | 808.18 | OK | |||
r-devel-linux-x86_64-fedora-gcc | 6.0.0 | 871.12 | OK | |||
r-devel-windows-x86_64 | 6.0.0 | 214.00 | 249.00 | 463.00 | OK | |
r-patched-linux-x86_64 | 6.0.0 | OK | ||||
r-release-linux-x86_64 | 6.0.0 | 204.92 | 264.08 | 469.00 | OK | |
r-release-macos-arm64 | 6.0.0 | 188.00 | NOTE | |||
r-release-macos-x86_64 | 6.0.0 | 241.00 | NOTE | |||
r-release-windows-x86_64 | 6.0.0 | 228.00 | 244.00 | 472.00 | OK | |
r-oldrel-macos-arm64 | 6.0.0 | 209.00 | NOTE | |||
r-oldrel-macos-x86_64 | 6.0.0 | 321.00 | NOTE | |||
r-oldrel-windows-x86_64 | 6.0.0 | 268.00 | 310.00 | 578.00 | OK |
Version: 6.0.0
Check: installed package size
Result: NOTE
installed size is 34.2Mb
sub-directories of 1Mb or more:
libs 33.9Mb
Flavors: r-release-macos-arm64, r-release-macos-x86_64, r-oldrel-macos-arm64, r-oldrel-macos-x86_64
These binaries (installable software) and packages are in development.
They may not be fully stable and should be used with caution. We make no claims about them.