Last updated on 2025-07-27 03:50:08 CEST.
Flavor | Version | Tinstall | Tcheck | Ttotal | Status | Flags |
---|---|---|---|---|---|---|
r-devel-linux-x86_64-debian-clang | 6.1.0 | 206.61 | 287.07 | 493.68 | OK | |
r-devel-linux-x86_64-debian-gcc | 6.1.0 | 161.39 | 183.81 | 345.20 | OK | |
r-devel-linux-x86_64-fedora-clang | 6.1.0 | 805.97 | OK | |||
r-devel-linux-x86_64-fedora-gcc | 6.1.0 | 908.97 | OK | |||
r-devel-windows-x86_64 | 6.1.0 | 217.00 | 343.00 | 560.00 | OK | |
r-patched-linux-x86_64 | 6.1.0 | 215.38 | 274.08 | 489.46 | OK | |
r-release-linux-x86_64 | 6.1.0 | 215.89 | 272.73 | 488.62 | OK | |
r-release-macos-arm64 | 6.1.0 | 246.00 | OK | |||
r-release-macos-x86_64 | 6.1.0 | 328.00 | OK | |||
r-release-windows-x86_64 | 6.1.0 | 218.00 | 333.00 | 551.00 | OK | |
r-oldrel-macos-arm64 | 6.1.0 | 198.00 | NOTE | |||
r-oldrel-macos-x86_64 | 6.1.0 | 387.00 | NOTE | |||
r-oldrel-windows-x86_64 | 6.1.0 | 266.00 | 452.00 | 718.00 | OK |
Version: 6.1.0
Check: installed package size
Result: NOTE
installed size is 35.7Mb
sub-directories of 1Mb or more:
libs 35.2Mb
Flavors: r-oldrel-macos-arm64, r-oldrel-macos-x86_64
These binaries (installable software) and packages are in development.
They may not be fully stable and should be used with caution. We make no claims about them.