Last updated on 2025-11-13 07:50:55 CET.
| Flavor | Version | Tinstall | Tcheck | Ttotal | Status | Flags |
|---|---|---|---|---|---|---|
| r-devel-linux-x86_64-debian-clang | 0.1.0 | 6.95 | 65.83 | 72.78 | OK | |
| r-devel-linux-x86_64-debian-gcc | 0.1.0 | 4.86 | 46.53 | 51.39 | OK | |
| r-devel-linux-x86_64-fedora-clang | 0.1.0 | 20.00 | 88.24 | 108.24 | NOTE | |
| r-devel-linux-x86_64-fedora-gcc | 0.1.0 | 15.00 | 98.15 | 113.15 | NOTE | |
| r-devel-windows-x86_64 | 0.1.0 | 8.00 | 76.00 | 84.00 | OK | |
| r-patched-linux-x86_64 | 0.1.0 | 7.80 | 59.72 | 67.52 | OK | |
| r-release-linux-x86_64 | 0.1.0 | 7.33 | 59.83 | 67.16 | OK | |
| r-release-macos-arm64 | 0.1.0 | 2.00 | 30.00 | 32.00 | OK | |
| r-release-macos-x86_64 | 0.1.0 | 5.00 | 54.00 | 59.00 | OK | |
| r-release-windows-x86_64 | 0.1.0 | 10.00 | 76.00 | 86.00 | OK | |
| r-oldrel-macos-arm64 | 0.1.0 | 3.00 | 28.00 | 31.00 | OK | |
| r-oldrel-macos-x86_64 | 0.1.0 | 4.00 | 48.00 | 52.00 | OK | |
| r-oldrel-windows-x86_64 | 0.1.0 | 13.00 | 94.00 | 107.00 | OK |
Version: 0.1.0
Check: dependencies in R code
Result: NOTE
Namespaces in Imports field not imported from:
‘fBasics’ ‘reshape’ ‘tidyr’ ‘utils’
All declared Imports should be used.
Flavors: r-devel-linux-x86_64-fedora-clang, r-devel-linux-x86_64-fedora-gcc
These binaries (installable software) and packages are in development.
They may not be fully stable and should be used with caution. We make no claims about them.