Last updated on 2025-10-23 21:51:30 CEST.
Flavor | Version | Tinstall | Tcheck | Ttotal | Status | Flags |
---|---|---|---|---|---|---|
r-devel-linux-x86_64-debian-clang | 0.1.1 | 2.11 | 24.74 | 26.85 | NOTE | |
r-devel-linux-x86_64-debian-gcc | 0.1.1 | 1.47 | 20.18 | 21.65 | OK | |
r-devel-linux-x86_64-fedora-clang | 0.1.1 | 39.78 | OK | |||
r-devel-linux-x86_64-fedora-gcc | 0.1.1 | 35.57 | OK | |||
r-devel-windows-x86_64 | 0.1.1 | 3.00 | 50.00 | 53.00 | OK | |
r-patched-linux-x86_64 | 0.1.1 | 2.39 | 23.64 | 26.03 | OK | |
r-release-linux-x86_64 | 0.1.1 | 1.69 | 23.67 | 25.36 | OK | |
r-release-macos-arm64 | 0.1.1 | 1.00 | 16.00 | 17.00 | OK | |
r-release-macos-x86_64 | 0.1.1 | 2.00 | 27.00 | 29.00 | OK | |
r-release-windows-x86_64 | 0.1.1 | 5.00 | 51.00 | 56.00 | OK | |
r-oldrel-macos-arm64 | 0.1.1 | 1.00 | 15.00 | 16.00 | OK | |
r-oldrel-macos-x86_64 | 0.1.1 | 2.00 | 24.00 | 26.00 | OK | |
r-oldrel-windows-x86_64 | 0.1.1 | 5.00 | 54.00 | 59.00 | OK |
Version: 0.1.1
Check: HTML version of manual
Result: NOTE
Found the following HTML validation problems:
tidy_bugs.html:59:1 (tidy_bugs.Rd:17): Warning: missing </ul> before </div>
Flavor: r-devel-linux-x86_64-debian-clang
These binaries (installable software) and packages are in development.
They may not be fully stable and should be used with caution. We make no claims about them.