CRAN Package Check Results for Package jdenticon

Last updated on 2025-10-03 15:49:53 CEST.

Flavor Version Tinstall Tcheck Ttotal Status Flags
r-devel-linux-x86_64-debian-clang 0.1.1 2.89 29.83 32.72 NOTE
r-devel-linux-x86_64-debian-gcc 0.1.1 1.82 23.01 24.83 NOTE
r-devel-linux-x86_64-fedora-clang 0.1.1 48.14 NOTE
r-devel-linux-x86_64-fedora-gcc 0.1.1 44.18 NOTE
r-devel-windows-x86_64 0.1.1 4.00 46.00 50.00 NOTE
r-patched-linux-x86_64 0.1.1 2.55 27.05 29.60 NOTE
r-release-linux-x86_64 0.1.1 2.54 26.83 29.37 NOTE
r-release-macos-arm64 0.1.1 21.00 NOTE
r-release-macos-x86_64 0.1.1 30.00 NOTE
r-release-windows-x86_64 0.1.1 4.00 47.00 51.00 NOTE
r-oldrel-macos-arm64 0.1.1 19.00 OK
r-oldrel-macos-x86_64 0.1.1 31.00 OK
r-oldrel-windows-x86_64 0.1.1 5.00 53.00 58.00 OK

Check Details

Version: 0.1.1
Check: DESCRIPTION meta-information
Result: NOTE Missing dependency on R >= 4.1.0 because package code uses the pipe |> or function shorthand \(...) syntax added in R 4.1.0. File(s) using such syntax: ‘jdenticon.R’ Flavors: r-devel-linux-x86_64-debian-clang, r-devel-linux-x86_64-debian-gcc, r-devel-linux-x86_64-fedora-clang, r-devel-linux-x86_64-fedora-gcc, r-devel-windows-x86_64, r-patched-linux-x86_64, r-release-linux-x86_64, r-release-macos-arm64, r-release-macos-x86_64, r-release-windows-x86_64

These binaries (installable software) and packages are in development.
They may not be fully stable and should be used with caution. We make no claims about them.